{"id":7446,"date":"2018-05-14T15:10:59","date_gmt":"2018-05-14T15:10:59","guid":{"rendered":"https:\/\/revistaespiritu.istomas.org\/issue-141\/"},"modified":"2018-05-14T15:11:02","modified_gmt":"2018-05-14T15:11:02","slug":"issue-141","status":"publish","type":"page","link":"https:\/\/revistaespiritu.istomas.org\/en\/issue-141\/","title":{"rendered":"Issue 141"},"content":{"rendered":"<p>[et_pb_section bb_built=&#8221;1&#8243; admin_label=&#8221;section&#8221; _builder_version=&#8221;3.0.47&#8243;][et_pb_row admin_label=&#8221;row&#8221; make_fullwidth=&#8221;on&#8221; padding_right_1=&#8221;30px&#8221; parallax_method_1=&#8221;off&#8221; parallax_method_2=&#8221;off&#8221; parallax_method_3=&#8221;off&#8221; custom_css_main_1=&#8221;border-right: 1px solid #3c8859;&#8221; _builder_version=&#8221;3.0.47&#8243; background_size=&#8221;initial&#8221; background_position=&#8221;top_left&#8221; background_repeat=&#8221;repeat&#8221;][et_pb_column type=&#8221;1_4&#8243;][et_pb_image src=&#8221;https:\/\/revistaespiritu.istomas.org\/wp-content\/uploads\/2017\/12\/imagen.jpeg&#8221; alt=&#8221;Esp\u00edritu, issue 138&#8243; title_text=&#8221;Esp\u00edritu, issue 138&#8243; show_in_lightbox=&#8221;on&#8221; use_overlay=&#8221;on&#8221; align=&#8221;center&#8221; _builder_version=&#8221;3.0.92&#8243; use_border_color=&#8221;off&#8221; \/][\/et_pb_column][et_pb_column type=&#8221;1_2&#8243;][et_pb_post_title meta=&#8221;off&#8221; featured_image=&#8221;off&#8221; _builder_version=&#8221;3.0.47&#8243; title_font_size=&#8221;32px&#8221; parallax=&#8221;on&#8221; parallax_method=&#8221;off&#8221; text_orientation=&#8221;center&#8221; custom_padding=&#8221;10px||0px|&#8221; use_border_color=&#8221;off&#8221; border_color=&#8221;#ffffff&#8221; border_style=&#8221;solid&#8221; parallax_effect=&#8221;on&#8221; \/][et_pb_text _builder_version=&#8221;3.0.92&#8243; text_orientation=&#8221;center&#8221; custom_padding=&#8221;0px|||&#8221; use_border_color=&#8221;off&#8221; border_color=&#8221;#ffffff&#8221; border_style=&#8221;solid&#8221; custom_margin=&#8221;|||&#8221;]<\/p>\n<h4 style=\"text-align: center;\">Year 60 | 2010<\/h4>\n<p>[\/et_pb_text][et_pb_divider height=&#8221;5&#8243; disabled_on=&#8221;on|on|off&#8221; _builder_version=&#8221;3.0.47&#8243; hide_on_mobile=&#8221;on&#8221; \/][et_pb_text _builder_version=&#8221;3.0.92&#8243; background_size=&#8221;initial&#8221; background_position=&#8221;top_left&#8221; background_repeat=&#8221;repeat&#8221; use_border_color=&#8221;off&#8221; border_color=&#8221;#ffffff&#8221; border_style=&#8221;solid&#8221; custom_padding=&#8221;|||&#8221; custom_margin=&#8221;||0px|&#8221;]<\/p>\n<h4 style=\"text-align: left;\"><span style=\"color: #3c8859;\">Articles<\/span><\/h4>\n<p>[\/et_pb_text][et_pb_divider color=&#8221;#3c8859&#8243; show_divider=&#8221;on&#8221; height=&#8221;5&#8243; disabled_on=&#8221;on|on|off&#8221; _builder_version=&#8221;3.0.47&#8243; hide_on_mobile=&#8221;on&#8221; \/][et_pb_text _builder_version=&#8221;3.0.92&#8243; use_border_color=&#8221;off&#8221; background_layout=&#8221;light&#8221;]<\/p>\n<h5 style=\"text-align: left;\"><a href=\"https:\/\/revistaespiritu.istomas.org\/en\/the-dehumanization-of-the-humanisms\/\">The dehumanization of the humanisms<\/a><\/h5>\n<p>Vittorio Possenti<\/p>\n<h5 style=\"text-align: left;\"><a href=\"https:\/\/revistaespiritu.istomas.org\/en\/human-nature-according-to-aristotle\/\">La naturaleza humana en Arist\u00f3teles<\/a><\/h5>\n<p class=\"titulo\">Antonio Prevosti Moncl\u00fas<\/p>\n<h5 class=\"titulo\"><a href=\"https:\/\/revistaespiritu.istomas.org\/en\/human-nature-according-to-aristotle\/\"><span class=\"titulo\">Animal generation, human generation<\/span><\/a><\/h5>\n<p class=\"titulo\">Enrique Mart\u00ednez<\/p>\n<h5 class=\"autores\"><span class=\"titulo\"><a href=\"https:\/\/revistaespiritu.istomas.org\/en\/the-doctrine-of-st-thomass-on-praeambula-fideiand-its-relationship-with-the-natural-inclination-of-man-to-know-the-truth-about-god\/\">The doctrine of St. Thomas\u2019s on &#8220;praeambula fidei&#8221;and its relationship with the natural inclination of man to know the truth about God.<\/a><\/span><\/h5>\n<p class=\"autores\">Antonio Livi<\/p>\n<h5 style=\"text-align: left;\"><a href=\"https:\/\/revistaespiritu.istomas.org\/en\/man-is-more-than-gregarious-he-is-another-mans-friend\/\">Man is more than gregarious: he is \u201canother man\u2019s friend\u201d.<\/a><\/h5>\n<p style=\"text-align: left;\">Carmen Coet\u00e9s<\/p>\n<h5 style=\"text-align: left;\"><a href=\"\/?p=661\">The Political Power. An aristotelian answer through the dialogue with other positions<\/a><\/h5>\n<p style=\"text-align: left;\">Sergio Ra\u00fal Casta\u00f1o<\/p>\n<p>[\/et_pb_text][\/et_pb_column][et_pb_column type=&#8221;1_4&#8243;][et_pb_sidebar orientation=&#8221;right&#8221; area=&#8221;sidebar-1&#8243; _builder_version=&#8221;3.0.47&#8243; header_font_size=&#8221;16&#8243; remove_border=&#8221;off&#8221; show_border=&#8221;on&#8221; \/][\/et_pb_column][\/et_pb_row][\/et_pb_section]<\/p>\n","protected":false},"excerpt":{"rendered":"<p>Year 60 | 2010 Articles The dehumanization of the humanisms Vittorio Possenti La naturaleza humana en Arist\u00f3teles Antonio Prevosti Moncl\u00fas Animal generation, human generation Enrique Mart\u00ednez The doctrine of St. Thomas\u2019s on &#8220;praeambula fidei&#8221;and its relationship with the natural inclination of man to know the truth about God. Antonio Livi Man is more than gregarious: [&hellip;]<\/p>\n","protected":false},"author":1,"featured_media":0,"parent":0,"menu_order":0,"comment_status":"closed","ping_status":"closed","template":"","meta":{"_et_pb_use_builder":"on","_et_pb_old_content":"","_et_gb_content_width":"","footnotes":""},"categories":[778],"tags":[],"class_list":["post-7446","page","type-page","status-publish","hentry","category-141-2011-en"],"_links":{"self":[{"href":"https:\/\/revistaespiritu.istomas.org\/en\/wp-json\/wp\/v2\/pages\/7446","targetHints":{"allow":["GET"]}}],"collection":[{"href":"https:\/\/revistaespiritu.istomas.org\/en\/wp-json\/wp\/v2\/pages"}],"about":[{"href":"https:\/\/revistaespiritu.istomas.org\/en\/wp-json\/wp\/v2\/types\/page"}],"author":[{"embeddable":true,"href":"https:\/\/revistaespiritu.istomas.org\/en\/wp-json\/wp\/v2\/users\/1"}],"replies":[{"embeddable":true,"href":"https:\/\/revistaespiritu.istomas.org\/en\/wp-json\/wp\/v2\/comments?post=7446"}],"version-history":[{"count":0,"href":"https:\/\/revistaespiritu.istomas.org\/en\/wp-json\/wp\/v2\/pages\/7446\/revisions"}],"wp:attachment":[{"href":"https:\/\/revistaespiritu.istomas.org\/en\/wp-json\/wp\/v2\/media?parent=7446"}],"wp:term":[{"taxonomy":"category","embeddable":true,"href":"https:\/\/revistaespiritu.istomas.org\/en\/wp-json\/wp\/v2\/categories?post=7446"},{"taxonomy":"post_tag","embeddable":true,"href":"https:\/\/revistaespiritu.istomas.org\/en\/wp-json\/wp\/v2\/tags?post=7446"}],"curies":[{"name":"wp","href":"https:\/\/api.w.org\/{rel}","templated":true}]}}

<p>[et_pb_section bb_built=&#8221;1&#8243; admin_label=&#8221;section&#8221; _builder_version=&#8221;3.0.47&#8243;][et_pb_row admin_label=&#8221;row&#8221; make_fullwidth=&#8221;on&#8221; padding_right_1=&#8221;30px&#8221; parallax_method_1=&#8221;off&#8221; parallax_method_2=&#8221;off&#8221; parallax_method_3=&#8221;off&#8221; custom_css_main_1=&#8221;border-right: 1px solid #3c8859;&#8221; _builder_version=&#8221;3.0.47&#8243; background_size=&#8221;initial&#8221; background_position=&#8221;top_left&#8221; background_repeat=&#8221;repeat&#8221;][et_pb_column type=&#8221;1_4&#8243;][et_pb_image src=&#8221;https://revistaespiritu.istomas.org/wp-content/uploads/2017/12/imagen.jpeg&#8221; alt=&#8221;Espíritu, issue 138&#8243; title_text=&#8221;Espíritu, issue 138&#8243; show_in_lightbox=&#8221;on&#8221; use_overlay=&#8221;on&#8221; align=&#8221;center&#8221; _builder_version=&#8221;3.0.92&#8243; use_border_color=&#8221;off&#8221; /][/et_pb_column][et_pb_column type=&#8221;1_2&#8243;][et_pb_post_title meta=&#8221;off&#8221; featured_image=&#8221;off&#8221; _builder_version=&#8221;3.0.47&#8243; title_font_size=&#8221;32px&#8221; parallax=&#8221;on&#8221; parallax_method=&#8221;off&#8221; text_orientation=&#8221;center&#8221; custom_padding=&#8221;10px||0px|&#8221; use_border_color=&#8221;off&#8221; border_color=&#8221;#ffffff&#8221; border_style=&#8221;solid&#8221; parallax_effect=&#8221;on&#8221; /][et_pb_text _builder_version=&#8221;3.0.92&#8243; text_orientation=&#8221;center&#8221; custom_padding=&#8221;0px|||&#8221; use_border_color=&#8221;off&#8221; border_color=&#8221;#ffffff&#8221; border_style=&#8221;solid&#8221; custom_margin=&#8221;|||&#8221;]</p>
<h4 style="text-align: center;">Year 60 | 2010</h4>
<p>[/et_pb_text][et_pb_divider height=&#8221;5&#8243; disabled_on=&#8221;on|on|off&#8221; _builder_version=&#8221;3.0.47&#8243; hide_on_mobile=&#8221;on&#8221; /][et_pb_text _builder_version=&#8221;3.0.92&#8243; background_size=&#8221;initial&#8221; background_position=&#8221;top_left&#8221; background_repeat=&#8221;repeat&#8221; use_border_color=&#8221;off&#8221; border_color=&#8221;#ffffff&#8221; border_style=&#8221;solid&#8221; custom_padding=&#8221;|||&#8221; custom_margin=&#8221;||0px|&#8221;]</p>
<h4 style="text-align: left;"><span style="color: #3c8859;">Articles</span></h4>
<p>[/et_pb_text][et_pb_divider color=&#8221;#3c8859&#8243; show_divider=&#8221;on&#8221; height=&#8221;5&#8243; disabled_on=&#8221;on|on|off&#8221; _builder_version=&#8221;3.0.47&#8243; hide_on_mobile=&#8221;on&#8221; /][et_pb_text _builder_version=&#8221;3.0.92&#8243; use_border_color=&#8221;off&#8221; background_layout=&#8221;light&#8221;]</p>
<h5 style="text-align: left;"><a href="https://revistaespiritu.istomas.org/en/the-dehumanization-of-the-humanisms/">The dehumanization of the humanisms</a></h5>
<p>Vittorio Possenti</p>
<h5 style="text-align: left;"><a href="https://revistaespiritu.istomas.org/en/human-nature-according-to-aristotle/">La naturaleza humana en Aristóteles</a></h5>
<p class="titulo">Antonio Prevosti Monclús</p>
<h5 class="titulo"><a href="https://revistaespiritu.istomas.org/en/human-nature-according-to-aristotle/"><span class="titulo">Animal generation, human generation</span></a></h5>
<p class="titulo">Enrique Martínez</p>
<h5 class="autores"><span class="titulo"><a href="https://revistaespiritu.istomas.org/en/the-doctrine-of-st-thomass-on-praeambula-fideiand-its-relationship-with-the-natural-inclination-of-man-to-know-the-truth-about-god/">The doctrine of St. Thomas’s on &#8220;praeambula fidei&#8221;and its relationship with the natural inclination of man to know the truth about God.</a></span></h5>
<p class="autores">Antonio Livi</p>
<h5 style="text-align: left;"><a href="https://revistaespiritu.istomas.org/en/man-is-more-than-gregarious-he-is-another-mans-friend/">Man is more than gregarious: he is “another man’s friend”.</a></h5>
<p style="text-align: left;">Carmen Coetés</p>
<h5 style="text-align: left;"><a href="/?p=661">The Political Power. An aristotelian answer through the dialogue with other positions</a></h5>
<p style="text-align: left;">Sergio Raúl Castaño</p>
<p>[/et_pb_text][/et_pb_column][et_pb_column type=&#8221;1_4&#8243;][et_pb_sidebar orientation=&#8221;right&#8221; area=&#8221;sidebar-1&#8243; _builder_version=&#8221;3.0.47&#8243; header_font_size=&#8221;16&#8243; remove_border=&#8221;off&#8221; show_border=&#8221;on&#8221; /][/et_pb_column][/et_pb_row][/et_pb_section]</p>

<p>Year 60 | 2010 Articles The dehumanization of the humanisms Vittorio Possenti La naturaleza humana en Aristóteles Antonio Prevosti Monclús Animal generation, human generation Enrique Martínez The doctrine of St. Thomas’s on &#8220;praeambula fidei&#8221;and its relationship with the natural inclination of man to know the truth about God. Antonio Livi Man is more than gregarious: [&hellip;]</p>
