{"id":7029,"date":"2018-05-11T10:22:09","date_gmt":"2018-05-11T10:22:09","guid":{"rendered":"https:\/\/revistaespiritu.istomas.org\/issue-146\/"},"modified":"2018-05-11T10:22:12","modified_gmt":"2018-05-11T10:22:12","slug":"issue-146","status":"publish","type":"page","link":"https:\/\/revistaespiritu.istomas.org\/en\/issue-146\/","title":{"rendered":"Issue 146"},"content":{"rendered":"<p>[et_pb_section bb_built=&#8221;1&#8243; admin_label=&#8221;section&#8221;][et_pb_row admin_label=&#8221;row&#8221; make_fullwidth=&#8221;on&#8221; use_custom_width=&#8221;off&#8221; width_unit=&#8221;on&#8221; use_custom_gutter=&#8221;off&#8221; allow_player_pause=&#8221;off&#8221; parallax=&#8221;off&#8221; parallax_method=&#8221;off&#8221; make_equal=&#8221;off&#8221; parallax_1=&#8221;off&#8221; parallax_method_1=&#8221;off&#8221; parallax_2=&#8221;off&#8221; parallax_method_2=&#8221;off&#8221; custom_css_main_1=&#8221;border-right: 1px solid #3c8859;&#8221; parallax_3=&#8221;off&#8221; parallax_method_3=&#8221;off&#8221; padding_right_1=&#8221;30px&#8221; background_position=&#8221;top_left&#8221; background_repeat=&#8221;repeat&#8221; background_size=&#8221;initial&#8221;][et_pb_column type=&#8221;1_4&#8243;][et_pb_image src=&#8221;https:\/\/revistaespiritu.istomas.org\/wp-content\/uploads\/2017\/12\/Indice_146_Espi\u0301ritu.jpg&#8221; alt=&#8221;Esp\u00edritu, issue 138&#8243; title_text=&#8221;Esp\u00edritu, issue 138&#8243; show_in_lightbox=&#8221;on&#8221; url_new_window=&#8221;on&#8221; use_overlay=&#8221;on&#8221; animation=&#8221;off&#8221; sticky=&#8221;off&#8221; align=&#8221;center&#8221; force_fullwidth=&#8221;off&#8221; always_center_on_mobile=&#8221;on&#8221; use_border_color=&#8221;off&#8221; border_color=&#8221;#ffffff&#8221; border_style=&#8221;solid&#8221; _builder_version=&#8221;3.0.92&#8243; show_bottom_space=&#8221;on&#8221; \/][\/et_pb_column][et_pb_column type=&#8221;1_2&#8243;][et_pb_post_title title=&#8221;on&#8221; meta=&#8221;off&#8221; author=&#8221;off&#8221; date=&#8221;off&#8221; categories=&#8221;off&#8221; comments=&#8221;off&#8221; featured_image=&#8221;off&#8221; featured_placement=&#8221;below&#8221; parallax_effect=&#8221;on&#8221; parallax_method=&#8221;on&#8221; text_orientation=&#8221;center&#8221; text_color=&#8221;dark&#8221; text_background=&#8221;off&#8221; text_bg_color=&#8221;rgba(255,255,255,0.9)&#8221; use_border_color=&#8221;off&#8221; border_color=&#8221;#ffffff&#8221; border_style=&#8221;solid&#8221; custom_padding=&#8221;10px||0px|&#8221; title_font_size=&#8221;32px&#8221; parallax=&#8221;on&#8221; \/][et_pb_text background_layout=&#8221;light&#8221; text_orientation=&#8221;center&#8221; use_border_color=&#8221;off&#8221; border_color=&#8221;#ffffff&#8221; border_style=&#8221;solid&#8221; custom_padding=&#8221;0px|||&#8221; background_position=&#8221;top_left&#8221; background_repeat=&#8221;repeat&#8221; background_size=&#8221;initial&#8221; module_alignment=&#8221;center&#8221; _builder_version=&#8221;3.0.92&#8243;]<\/p>\n<h4 style=\"text-align: center;\">Year 62 | 2013<\/h4>\n<p>[\/et_pb_text][et_pb_divider color=&#8221;#ffffff&#8221; show_divider=&#8221;off&#8221; height=&#8221;5&#8243; divider_style=&#8221;solid&#8221; divider_position=&#8221;top&#8221; hide_on_mobile=&#8221;on&#8221; disabled_on=&#8221;on|on|off&#8221; \/][et_pb_text background_layout=&#8221;light&#8221; use_border_color=&#8221;off&#8221; background_position=&#8221;top_left&#8221; background_repeat=&#8221;repeat&#8221; background_size=&#8221;initial&#8221; _builder_version=&#8221;3.0.92&#8243; custom_margin=&#8221;||0px|&#8221;]<\/p>\n<h4 style=\"text-align: left;\"><span style=\"color: #3c8859;\">Articles<\/span><\/h4>\n<p>[\/et_pb_text][et_pb_divider color=&#8221;#3c8859&#8243; show_divider=&#8221;on&#8221; height=&#8221;5&#8243; divider_style=&#8221;solid&#8221; divider_position=&#8221;top&#8221; hide_on_mobile=&#8221;on&#8221; disabled_on=&#8221;on|on|off&#8221; \/][et_pb_text background_layout=&#8221;light&#8221; use_border_color=&#8221;off&#8221; _builder_version=&#8221;3.0.92&#8243;]<\/p>\n<h5 style=\"text-align: left;\"><a href=\"https:\/\/revistaespiritu.istomas.org\/en\/the-analysis-of-the-being-and-the-ontological-constituency-of-the-person-in-the-twentieth-century-thomism\/\">The analysis of the being and the ontological constituency of the person in the twentieth century Thomism<\/a><\/h5>\n<p style=\"text-align: left;\">Alain Contat<\/p>\n<h5 style=\"text-align: left;\"><a href=\"https:\/\/revistaespiritu.istomas.org\/en\/personal-mode-of-subsistence-as-a-substantial-reflection-according-thomas-aquinas\/\">Personal mode of subsistence as a substantial reflection, according Thomas Aquinas<\/a><\/h5>\n<p style=\"text-align: left;\">Mart\u00edn Federico Echavarr\u00eda<\/p>\n<h5 style=\"text-align: left;\"><span class=\"subtitulo\"><span class=\"titulo\"><a href=\"https:\/\/revistaespiritu.istomas.org\/en\/personal-subsistence-foundation-of-human-life-communication\/\">Personal subsistence, foundation of human life communication<\/a><\/span><\/span><\/h5>\n<p style=\"text-align: left;\">Enrique Mart\u00ednez<\/p>\n<h5 style=\"text-align: left;\"><span class=\"titulo\"><a href=\"https:\/\/revistaespiritu.istomas.org\/en\/form-dat-esse-as-a-fundamental-principle-of-the-ontology-of-the-person-of-st-thomas-aquinas\/\">Form dat esse as a fundamental principle of the ontology of the person of St. Thomas Aquinas<\/a><\/span><\/h5>\n<p style=\"text-align: left;\">Juan Mart\u00ednez Porcell<\/p>\n<h5 style=\"text-align: left;\"><span class=\"titulo\"><a href=\"https:\/\/revistaespiritu.istomas.org\/en\/substantive-conception-and-functional-conception-of-the-individual-in-contemporary-philosophy\/\">Substantive conception and functional conception of the individual in contemporary philosophy<\/a><\/span><\/h5>\n<p style=\"text-align: left;\">Vittorio Possenti<\/p>\n<h5 style=\"text-align: left;\"><span class=\"titulo\"><a href=\"https:\/\/revistaespiritu.istomas.org\/en\/trinitarian-and-christological-context-of-aquinas-statements-about-the-person\/\">Trinitarian and Christological Context of Aquinas\u2019 Statements about the Person<\/a><\/span><\/h5>\n<p style=\"text-align: left;\">Eduardo Vadillo Romero<\/p>\n<p>[\/et_pb_text][et_pb_divider color=&#8221;#ffffff&#8221; show_divider=&#8221;off&#8221; height=&#8221;10&#8243; divider_style=&#8221;solid&#8221; divider_position=&#8221;top&#8221; hide_on_mobile=&#8221;on&#8221; disabled_on=&#8221;on|on|off&#8221; \/][et_pb_text background_layout=&#8221;light&#8221; use_border_color=&#8221;off&#8221; background_position=&#8221;top_left&#8221; background_repeat=&#8221;repeat&#8221; background_size=&#8221;initial&#8221; _builder_version=&#8221;3.0.92&#8243; custom_margin=&#8221;||0px|&#8221;]<\/p>\n<h4 style=\"text-align: left;\"><span style=\"color: #3c8859;\">Notes and documents<\/span><\/h4>\n<p>[\/et_pb_text][et_pb_divider color=&#8221;#3c8859&#8243; show_divider=&#8221;on&#8221; height=&#8221;5&#8243; divider_style=&#8221;solid&#8221; divider_position=&#8221;top&#8221; hide_on_mobile=&#8221;on&#8221; disabled_on=&#8221;on|on|off&#8221; \/][et_pb_text background_layout=&#8221;light&#8221; use_border_color=&#8221;off&#8221; _builder_version=&#8221;3.0.92&#8243;]<\/p>\n<h5 style=\"text-align: left;\"><span class=\"titulo\"><a href=\"https:\/\/revistaespiritu.istomas.org\/en\/closing-ceremony-of-the-1st-conference-on-tomistic-studies-being-and-person\/\">Closing ceremony of the 1st Conference on Tomistic Studies &#8220;Being and Person&#8221;<\/a><\/span><\/h5>\n<p>Jordi Girau<\/p>\n<h5><span class=\"titulo\"><a href=\"https:\/\/revistaespiritu.istomas.org\/en\/contributions-of-rudolf-allers-to-the-anthropological-foundation-of-psychotherapy\/\">Contributions of Rudolf Allers to the anthropological foundation of psychotherapy<\/a><\/span><\/h5>\n<p>Mart\u00edn Federico Echavarr\u00eda<\/p>\n<h5><span class=\"titulo\"><a href=\"\/?p=901\"><span id=\"result_box\" class=\"\" lang=\"en\" tabindex=\"-1\"><span class=\"\">Report of the Academic Activities of Fundaci\u00f3n Balmesiana and its Institutes during the 2012-2013 academic year<\/span><\/span><\/a><\/span><\/h5>\n<p>[\/et_pb_text][et_pb_text background_layout=&#8221;light&#8221; text_orientation=&#8221;left&#8221; use_border_color=&#8221;off&#8221; border_color=&#8221;#ffffff&#8221; border_style=&#8221;solid&#8221; background_position=&#8221;top_left&#8221; background_repeat=&#8221;repeat&#8221; background_size=&#8221;initial&#8221;]<\/p>\n<p>[yuzo_related]<\/p>\n<p>[\/et_pb_text][\/et_pb_column][et_pb_column type=&#8221;1_4&#8243;][et_pb_sidebar orientation=&#8221;right&#8221; area=&#8221;sidebar-1&#8243; background_layout=&#8221;light&#8221; remove_border=&#8221;off&#8221; header_font_size=&#8221;16&#8243; show_border=&#8221;on&#8221; \/][\/et_pb_column][\/et_pb_row][\/et_pb_section]<\/p>\n","protected":false},"excerpt":{"rendered":"<p>Year 62 | 2013 Articles The analysis of the being and the ontological constituency of the person in the twentieth century Thomism Alain Contat Personal mode of subsistence as a substantial reflection, according Thomas Aquinas Mart\u00edn Federico Echavarr\u00eda Personal subsistence, foundation of human life communication Enrique Mart\u00ednez Form dat esse as a fundamental principle of [&hellip;]<\/p>\n","protected":false},"author":1,"featured_media":0,"parent":0,"menu_order":0,"comment_status":"closed","ping_status":"closed","template":"","meta":{"_et_pb_use_builder":"on","_et_pb_old_content":"","_et_gb_content_width":"","footnotes":""},"categories":[784],"tags":[],"class_list":["post-7029","page","type-page","status-publish","hentry","category-146-2013-en"],"_links":{"self":[{"href":"https:\/\/revistaespiritu.istomas.org\/en\/wp-json\/wp\/v2\/pages\/7029","targetHints":{"allow":["GET"]}}],"collection":[{"href":"https:\/\/revistaespiritu.istomas.org\/en\/wp-json\/wp\/v2\/pages"}],"about":[{"href":"https:\/\/revistaespiritu.istomas.org\/en\/wp-json\/wp\/v2\/types\/page"}],"author":[{"embeddable":true,"href":"https:\/\/revistaespiritu.istomas.org\/en\/wp-json\/wp\/v2\/users\/1"}],"replies":[{"embeddable":true,"href":"https:\/\/revistaespiritu.istomas.org\/en\/wp-json\/wp\/v2\/comments?post=7029"}],"version-history":[{"count":0,"href":"https:\/\/revistaespiritu.istomas.org\/en\/wp-json\/wp\/v2\/pages\/7029\/revisions"}],"wp:attachment":[{"href":"https:\/\/revistaespiritu.istomas.org\/en\/wp-json\/wp\/v2\/media?parent=7029"}],"wp:term":[{"taxonomy":"category","embeddable":true,"href":"https:\/\/revistaespiritu.istomas.org\/en\/wp-json\/wp\/v2\/categories?post=7029"},{"taxonomy":"post_tag","embeddable":true,"href":"https:\/\/revistaespiritu.istomas.org\/en\/wp-json\/wp\/v2\/tags?post=7029"}],"curies":[{"name":"wp","href":"https:\/\/api.w.org\/{rel}","templated":true}]}}

<p>[et_pb_section bb_built=&#8221;1&#8243; admin_label=&#8221;section&#8221;][et_pb_row admin_label=&#8221;row&#8221; make_fullwidth=&#8221;on&#8221; use_custom_width=&#8221;off&#8221; width_unit=&#8221;on&#8221; use_custom_gutter=&#8221;off&#8221; allow_player_pause=&#8221;off&#8221; parallax=&#8221;off&#8221; parallax_method=&#8221;off&#8221; make_equal=&#8221;off&#8221; parallax_1=&#8221;off&#8221; parallax_method_1=&#8221;off&#8221; parallax_2=&#8221;off&#8221; parallax_method_2=&#8221;off&#8221; custom_css_main_1=&#8221;border-right: 1px solid #3c8859;&#8221; parallax_3=&#8221;off&#8221; parallax_method_3=&#8221;off&#8221; padding_right_1=&#8221;30px&#8221; background_position=&#8221;top_left&#8221; background_repeat=&#8221;repeat&#8221; background_size=&#8221;initial&#8221;][et_pb_column type=&#8221;1_4&#8243;][et_pb_image src=&#8221;https://revistaespiritu.istomas.org/wp-content/uploads/2017/12/Indice_146_Espíritu.jpg&#8221; alt=&#8221;Espíritu, issue 138&#8243; title_text=&#8221;Espíritu, issue 138&#8243; show_in_lightbox=&#8221;on&#8221; url_new_window=&#8221;on&#8221; use_overlay=&#8221;on&#8221; animation=&#8221;off&#8221; sticky=&#8221;off&#8221; align=&#8221;center&#8221; force_fullwidth=&#8221;off&#8221; always_center_on_mobile=&#8221;on&#8221; use_border_color=&#8221;off&#8221; border_color=&#8221;#ffffff&#8221; border_style=&#8221;solid&#8221; _builder_version=&#8221;3.0.92&#8243; show_bottom_space=&#8221;on&#8221; /][/et_pb_column][et_pb_column type=&#8221;1_2&#8243;][et_pb_post_title title=&#8221;on&#8221; meta=&#8221;off&#8221; author=&#8221;off&#8221; date=&#8221;off&#8221; categories=&#8221;off&#8221; comments=&#8221;off&#8221; featured_image=&#8221;off&#8221; featured_placement=&#8221;below&#8221; parallax_effect=&#8221;on&#8221; parallax_method=&#8221;on&#8221; text_orientation=&#8221;center&#8221; text_color=&#8221;dark&#8221; text_background=&#8221;off&#8221; text_bg_color=&#8221;rgba(255,255,255,0.9)&#8221; use_border_color=&#8221;off&#8221; border_color=&#8221;#ffffff&#8221; border_style=&#8221;solid&#8221; custom_padding=&#8221;10px||0px|&#8221; title_font_size=&#8221;32px&#8221; parallax=&#8221;on&#8221; /][et_pb_text background_layout=&#8221;light&#8221; text_orientation=&#8221;center&#8221; use_border_color=&#8221;off&#8221; border_color=&#8221;#ffffff&#8221; border_style=&#8221;solid&#8221; custom_padding=&#8221;0px|||&#8221; background_position=&#8221;top_left&#8221; background_repeat=&#8221;repeat&#8221; background_size=&#8221;initial&#8221; module_alignment=&#8221;center&#8221; _builder_version=&#8221;3.0.92&#8243;]</p>
<h4 style="text-align: center;">Year 62 | 2013</h4>
<p>[/et_pb_text][et_pb_divider color=&#8221;#ffffff&#8221; show_divider=&#8221;off&#8221; height=&#8221;5&#8243; divider_style=&#8221;solid&#8221; divider_position=&#8221;top&#8221; hide_on_mobile=&#8221;on&#8221; disabled_on=&#8221;on|on|off&#8221; /][et_pb_text background_layout=&#8221;light&#8221; use_border_color=&#8221;off&#8221; background_position=&#8221;top_left&#8221; background_repeat=&#8221;repeat&#8221; background_size=&#8221;initial&#8221; _builder_version=&#8221;3.0.92&#8243; custom_margin=&#8221;||0px|&#8221;]</p>
<h4 style="text-align: left;"><span style="color: #3c8859;">Articles</span></h4>
<p>[/et_pb_text][et_pb_divider color=&#8221;#3c8859&#8243; show_divider=&#8221;on&#8221; height=&#8221;5&#8243; divider_style=&#8221;solid&#8221; divider_position=&#8221;top&#8221; hide_on_mobile=&#8221;on&#8221; disabled_on=&#8221;on|on|off&#8221; /][et_pb_text background_layout=&#8221;light&#8221; use_border_color=&#8221;off&#8221; _builder_version=&#8221;3.0.92&#8243;]</p>
<h5 style="text-align: left;"><a href="https://revistaespiritu.istomas.org/en/the-analysis-of-the-being-and-the-ontological-constituency-of-the-person-in-the-twentieth-century-thomism/">The analysis of the being and the ontological constituency of the person in the twentieth century Thomism</a></h5>
<p style="text-align: left;">Alain Contat</p>
<h5 style="text-align: left;"><a href="https://revistaespiritu.istomas.org/en/personal-mode-of-subsistence-as-a-substantial-reflection-according-thomas-aquinas/">Personal mode of subsistence as a substantial reflection, according Thomas Aquinas</a></h5>
<p style="text-align: left;">Martín Federico Echavarría</p>
<h5 style="text-align: left;"><span class="subtitulo"><span class="titulo"><a href="https://revistaespiritu.istomas.org/en/personal-subsistence-foundation-of-human-life-communication/">Personal subsistence, foundation of human life communication</a></span></span></h5>
<p style="text-align: left;">Enrique Martínez</p>
<h5 style="text-align: left;"><span class="titulo"><a href="https://revistaespiritu.istomas.org/en/form-dat-esse-as-a-fundamental-principle-of-the-ontology-of-the-person-of-st-thomas-aquinas/">Form dat esse as a fundamental principle of the ontology of the person of St. Thomas Aquinas</a></span></h5>
<p style="text-align: left;">Juan Martínez Porcell</p>
<h5 style="text-align: left;"><span class="titulo"><a href="https://revistaespiritu.istomas.org/en/substantive-conception-and-functional-conception-of-the-individual-in-contemporary-philosophy/">Substantive conception and functional conception of the individual in contemporary philosophy</a></span></h5>
<p style="text-align: left;">Vittorio Possenti</p>
<h5 style="text-align: left;"><span class="titulo"><a href="https://revistaespiritu.istomas.org/en/trinitarian-and-christological-context-of-aquinas-statements-about-the-person/">Trinitarian and Christological Context of Aquinas’ Statements about the Person</a></span></h5>
<p style="text-align: left;">Eduardo Vadillo Romero</p>
<p>[/et_pb_text][et_pb_divider color=&#8221;#ffffff&#8221; show_divider=&#8221;off&#8221; height=&#8221;10&#8243; divider_style=&#8221;solid&#8221; divider_position=&#8221;top&#8221; hide_on_mobile=&#8221;on&#8221; disabled_on=&#8221;on|on|off&#8221; /][et_pb_text background_layout=&#8221;light&#8221; use_border_color=&#8221;off&#8221; background_position=&#8221;top_left&#8221; background_repeat=&#8221;repeat&#8221; background_size=&#8221;initial&#8221; _builder_version=&#8221;3.0.92&#8243; custom_margin=&#8221;||0px|&#8221;]</p>
<h4 style="text-align: left;"><span style="color: #3c8859;">Notes and documents</span></h4>
<p>[/et_pb_text][et_pb_divider color=&#8221;#3c8859&#8243; show_divider=&#8221;on&#8221; height=&#8221;5&#8243; divider_style=&#8221;solid&#8221; divider_position=&#8221;top&#8221; hide_on_mobile=&#8221;on&#8221; disabled_on=&#8221;on|on|off&#8221; /][et_pb_text background_layout=&#8221;light&#8221; use_border_color=&#8221;off&#8221; _builder_version=&#8221;3.0.92&#8243;]</p>
<h5 style="text-align: left;"><span class="titulo"><a href="https://revistaespiritu.istomas.org/en/closing-ceremony-of-the-1st-conference-on-tomistic-studies-being-and-person/">Closing ceremony of the 1st Conference on Tomistic Studies &#8220;Being and Person&#8221;</a></span></h5>
<p>Jordi Girau</p>
<h5><span class="titulo"><a href="https://revistaespiritu.istomas.org/en/contributions-of-rudolf-allers-to-the-anthropological-foundation-of-psychotherapy/">Contributions of Rudolf Allers to the anthropological foundation of psychotherapy</a></span></h5>
<p>Martín Federico Echavarría</p>
<h5><span class="titulo"><a href="/?p=901"><span id="result_box" class="" lang="en" tabindex="-1"><span class="">Report of the Academic Activities of Fundación Balmesiana and its Institutes during the 2012-2013 academic year</span></span></a></span></h5>
<p>[/et_pb_text][et_pb_text background_layout=&#8221;light&#8221; text_orientation=&#8221;left&#8221; use_border_color=&#8221;off&#8221; border_color=&#8221;#ffffff&#8221; border_style=&#8221;solid&#8221; background_position=&#8221;top_left&#8221; background_repeat=&#8221;repeat&#8221; background_size=&#8221;initial&#8221;]</p>
<p>[yuzo_related]</p>
<p>[/et_pb_text][/et_pb_column][et_pb_column type=&#8221;1_4&#8243;][et_pb_sidebar orientation=&#8221;right&#8221; area=&#8221;sidebar-1&#8243; background_layout=&#8221;light&#8221; remove_border=&#8221;off&#8221; header_font_size=&#8221;16&#8243; show_border=&#8221;on&#8221; /][/et_pb_column][/et_pb_row][/et_pb_section]</p>

<p>Year 62 | 2013 Articles The analysis of the being and the ontological constituency of the person in the twentieth century Thomism Alain Contat Personal mode of subsistence as a substantial reflection, according Thomas Aquinas Martín Federico Echavarría Personal subsistence, foundation of human life communication Enrique Martínez Form dat esse as a fundamental principle of [&hellip;]</p>
