{"id":6665,"date":"2018-05-07T10:23:30","date_gmt":"2018-05-07T10:23:30","guid":{"rendered":"https:\/\/revistaespiritu.istomas.org\/issue-150\/"},"modified":"2018-05-07T10:23:32","modified_gmt":"2018-05-07T10:23:32","slug":"issue-150","status":"publish","type":"page","link":"https:\/\/revistaespiritu.istomas.org\/en\/issue-150\/","title":{"rendered":"Issue 150"},"content":{"rendered":"<p>[et_pb_section bb_built=&#8221;1&#8243; admin_label=&#8221;section&#8221;][et_pb_row admin_label=&#8221;row&#8221; make_fullwidth=&#8221;on&#8221; use_custom_width=&#8221;off&#8221; width_unit=&#8221;on&#8221; use_custom_gutter=&#8221;off&#8221; allow_player_pause=&#8221;off&#8221; parallax=&#8221;off&#8221; parallax_method=&#8221;off&#8221; make_equal=&#8221;off&#8221; parallax_1=&#8221;off&#8221; parallax_method_1=&#8221;off&#8221; parallax_2=&#8221;off&#8221; parallax_method_2=&#8221;off&#8221; custom_css_main_1=&#8221;border-right: 1px solid #3c8859;&#8221; parallax_3=&#8221;off&#8221; parallax_method_3=&#8221;off&#8221; padding_right_1=&#8221;30px&#8221; background_position=&#8221;top_left&#8221; background_repeat=&#8221;repeat&#8221; background_size=&#8221;initial&#8221;][et_pb_column type=&#8221;1_4&#8243;][et_pb_image src=&#8221;https:\/\/revistaespiritu.istomas.org\/wp-content\/uploads\/2017\/12\/Indice-150-Espiritu.jpg&#8221; alt=&#8221;Esp\u00edritu, issue 138&#8243; title_text=&#8221;Esp\u00edritu, issue 138&#8243; show_in_lightbox=&#8221;on&#8221; url_new_window=&#8221;on&#8221; use_overlay=&#8221;on&#8221; animation=&#8221;off&#8221; sticky=&#8221;off&#8221; align=&#8221;center&#8221; force_fullwidth=&#8221;off&#8221; always_center_on_mobile=&#8221;on&#8221; use_border_color=&#8221;off&#8221; border_color=&#8221;#ffffff&#8221; border_style=&#8221;solid&#8221; _builder_version=&#8221;3.0.92&#8243; show_bottom_space=&#8221;on&#8221; \/][\/et_pb_column][et_pb_column type=&#8221;1_2&#8243;][et_pb_post_title title=&#8221;on&#8221; meta=&#8221;off&#8221; author=&#8221;off&#8221; date=&#8221;off&#8221; categories=&#8221;off&#8221; comments=&#8221;off&#8221; featured_image=&#8221;off&#8221; featured_placement=&#8221;below&#8221; parallax_effect=&#8221;on&#8221; parallax_method=&#8221;on&#8221; text_orientation=&#8221;center&#8221; text_color=&#8221;dark&#8221; text_background=&#8221;off&#8221; text_bg_color=&#8221;rgba(255,255,255,0.9)&#8221; use_border_color=&#8221;off&#8221; border_color=&#8221;#ffffff&#8221; border_style=&#8221;solid&#8221; custom_padding=&#8221;10px||0px|&#8221; title_font_size=&#8221;32px&#8221; parallax=&#8221;on&#8221; \/][et_pb_text background_layout=&#8221;light&#8221; text_orientation=&#8221;center&#8221; use_border_color=&#8221;off&#8221; border_color=&#8221;#ffffff&#8221; border_style=&#8221;solid&#8221; custom_padding=&#8221;0px|||&#8221; background_position=&#8221;top_left&#8221; background_repeat=&#8221;repeat&#8221; background_size=&#8221;initial&#8221; module_alignment=&#8221;center&#8221; _builder_version=&#8221;3.0.92&#8243;]<\/p>\n<h4 style=\"text-align: center;\">Year 64 | 2015<\/h4>\n<p>[\/et_pb_text][et_pb_divider color=&#8221;#ffffff&#8221; show_divider=&#8221;off&#8221; height=&#8221;5&#8243; divider_style=&#8221;solid&#8221; divider_position=&#8221;top&#8221; hide_on_mobile=&#8221;on&#8221; disabled_on=&#8221;on|on|off&#8221; \/][et_pb_text background_layout=&#8221;light&#8221; use_border_color=&#8221;off&#8221; background_position=&#8221;top_left&#8221; background_repeat=&#8221;repeat&#8221; background_size=&#8221;initial&#8221; _builder_version=&#8221;3.0.92&#8243; custom_margin=&#8221;||0px|&#8221;]<\/p>\n<h4 style=\"text-align: left;\"><span style=\"color: #3c8859;\">Articles<\/span><\/h4>\n<p>[\/et_pb_text][et_pb_divider color=&#8221;#3c8859&#8243; show_divider=&#8221;on&#8221; height=&#8221;5&#8243; divider_style=&#8221;solid&#8221; divider_position=&#8221;top&#8221; hide_on_mobile=&#8221;on&#8221; disabled_on=&#8221;on|on|off&#8221; \/][et_pb_text background_layout=&#8221;light&#8221; use_border_color=&#8221;off&#8221; _builder_version=&#8221;3.0.92&#8243;]<\/p>\n<h5 style=\"text-align: left;\"><a href=\"https:\/\/revistaespiritu.istomas.org\/en\/augustine-of-hippos-hermeneutical-assumptions-to-uncover-the-word-and-to-transmit-its-sense\/\">Augustine of Hippo\u2019s Hermeneutical Assumptions: To Uncover the Word and to Transmit its Sense<\/a><\/h5>\n<p style=\"text-align: left;\">Claudio Calabrese<\/p>\n<h5 style=\"text-align: left;\"><a href=\"https:\/\/revistaespiritu.istomas.org\/en\/the-being-in-karl-rahners-metaphysica-cognitionis\/\">The Being in Karl Rahner\u2019s Metaphysica Cognitionis<\/a><\/h5>\n<p style=\"text-align: left;\">Jaime Mercant Sim\u00f3<\/p>\n<h5 style=\"text-align: left;\"><span class=\"subtitulo\"><span class=\"titulo\"><a href=\"https:\/\/revistaespiritu.istomas.org\/en\/the-intellectual-cognition-of-material-individual-in-the-thomistic-school-of-thought\/\">The Intellectual Cognition of Material Individual in the Thomistic School of Thought<\/a><\/span><\/span><\/h5>\n<p style=\"text-align: left;\">Mart\u00edn Federico Echavarr\u00eda<\/p>\n<h5 style=\"text-align: left;\"><span class=\"titulo\"><a href=\"https:\/\/revistaespiritu.istomas.org\/en\/the-rational-credibility-of-a-literal-adam-and-eve\/\">The Rational Credibility of a Literal Adam and Eve<\/a><\/span><\/h5>\n<p style=\"text-align: left;\">Dennis Bonnette<\/p>\n<h5 class=\"titulo\"><span class=\"titulo\"><a href=\"https:\/\/revistaespiritu.istomas.org\/en\/manuducere-and-confortare-teachers-actions-that-cause-science-in-the-students-intellect-aaccording-to-thomas-aquinas\/\">Manuducere and Confortare: Teacher\u2019s Actions that Cause Science in the Student\u2019s Intellect Aaccording to Thomas Aquinas<\/a><\/span><\/h5>\n<p style=\"text-align: left;\">Mariano B\u00e1rtoli<\/p>\n<h5 style=\"text-align: left;\"><a href=\"https:\/\/revistaespiritu.istomas.org\/en\/animal-intelligence-and-vis-aestimativa-in-avicenna-and-thomas-aquinas\/\">Animal Intelligence and Vis Aestimativa in Avicenna and Thomas Aquinas<\/a><\/h5>\n<p style=\"text-align: left;\">Joan D.A. Juanola<\/p>\n<h5><span class=\"titulo\"><a href=\"https:\/\/revistaespiritu.istomas.org\/en\/elements-of-the-gnostic-ebionite-synthesis-in-saint-simons-philosophy-of-history\/\">Elements of the gnostic-ebionite synthesis in Saint-Simon\u2019s philosophy of history<\/a><\/span><\/h5>\n<p>Stefano Abbate<\/p>\n<p>[\/et_pb_text][et_pb_divider color=&#8221;#ffffff&#8221; show_divider=&#8221;off&#8221; height=&#8221;10&#8243; divider_style=&#8221;solid&#8221; divider_position=&#8221;top&#8221; hide_on_mobile=&#8221;on&#8221; disabled_on=&#8221;on|on|off&#8221; \/][et_pb_text background_layout=&#8221;light&#8221; use_border_color=&#8221;off&#8221; background_position=&#8221;top_left&#8221; background_repeat=&#8221;repeat&#8221; background_size=&#8221;initial&#8221; _builder_version=&#8221;3.0.92&#8243; custom_margin=&#8221;||0px|&#8221;]<\/p>\n<h4 style=\"text-align: left;\"><span style=\"color: #3c8859;\">Notes y documents<\/span><\/h4>\n<p>[\/et_pb_text][et_pb_divider color=&#8221;#3c8859&#8243; show_divider=&#8221;on&#8221; height=&#8221;5&#8243; divider_style=&#8221;solid&#8221; divider_position=&#8221;top&#8221; hide_on_mobile=&#8221;on&#8221; disabled_on=&#8221;on|on|off&#8221; \/][et_pb_text background_layout=&#8221;light&#8221; use_border_color=&#8221;off&#8221; _builder_version=&#8221;3.0.92&#8243;]<\/p>\n<h5 class=\"titulo\"><a href=\"\/?p=1088\"><span class=\"titulo\">Politics<\/span><span class=\"separador\">: <\/span><span class=\"subtitulo\">theory and praxis<\/span><\/a><\/h5>\n<p>Jos\u00e9 Mar\u00eda Alsina Roca<\/p>\n<h5><span class=\"titulo\"><a href=\"\/?p=1090\">De unione corporis et spiritus<\/a><\/span><\/h5>\n<p>Juan Mart\u00ednez Porcell<\/p>\n<p>[\/et_pb_text][et_pb_text background_layout=&#8221;light&#8221; text_orientation=&#8221;left&#8221; use_border_color=&#8221;off&#8221; border_color=&#8221;#ffffff&#8221; border_style=&#8221;solid&#8221; background_position=&#8221;top_left&#8221; background_repeat=&#8221;repeat&#8221; background_size=&#8221;initial&#8221;]<\/p>\n<p>[yuzo_related]<\/p>\n<p>[\/et_pb_text][\/et_pb_column][et_pb_column type=&#8221;1_4&#8243;][et_pb_sidebar orientation=&#8221;right&#8221; area=&#8221;sidebar-1&#8243; background_layout=&#8221;light&#8221; remove_border=&#8221;off&#8221; header_font_size=&#8221;16&#8243; show_border=&#8221;on&#8221; \/][\/et_pb_column][\/et_pb_row][\/et_pb_section]<\/p>\n","protected":false},"excerpt":{"rendered":"<p>Year 64 | 2015 Articles Augustine of Hippo\u2019s Hermeneutical Assumptions: To Uncover the Word and to Transmit its Sense Claudio Calabrese The Being in Karl Rahner\u2019s Metaphysica Cognitionis Jaime Mercant Sim\u00f3 The Intellectual Cognition of Material Individual in the Thomistic School of Thought Mart\u00edn Federico Echavarr\u00eda The Rational Credibility of a Literal Adam and Eve [&hellip;]<\/p>\n","protected":false},"author":1,"featured_media":0,"parent":0,"menu_order":0,"comment_status":"closed","ping_status":"closed","template":"","meta":{"_et_pb_use_builder":"on","_et_pb_old_content":"","_et_gb_content_width":"","footnotes":""},"categories":[785],"tags":[],"class_list":["post-6665","page","type-page","status-publish","hentry","category-150-2015-en"],"_links":{"self":[{"href":"https:\/\/revistaespiritu.istomas.org\/en\/wp-json\/wp\/v2\/pages\/6665","targetHints":{"allow":["GET"]}}],"collection":[{"href":"https:\/\/revistaespiritu.istomas.org\/en\/wp-json\/wp\/v2\/pages"}],"about":[{"href":"https:\/\/revistaespiritu.istomas.org\/en\/wp-json\/wp\/v2\/types\/page"}],"author":[{"embeddable":true,"href":"https:\/\/revistaespiritu.istomas.org\/en\/wp-json\/wp\/v2\/users\/1"}],"replies":[{"embeddable":true,"href":"https:\/\/revistaespiritu.istomas.org\/en\/wp-json\/wp\/v2\/comments?post=6665"}],"version-history":[{"count":0,"href":"https:\/\/revistaespiritu.istomas.org\/en\/wp-json\/wp\/v2\/pages\/6665\/revisions"}],"wp:attachment":[{"href":"https:\/\/revistaespiritu.istomas.org\/en\/wp-json\/wp\/v2\/media?parent=6665"}],"wp:term":[{"taxonomy":"category","embeddable":true,"href":"https:\/\/revistaespiritu.istomas.org\/en\/wp-json\/wp\/v2\/categories?post=6665"},{"taxonomy":"post_tag","embeddable":true,"href":"https:\/\/revistaespiritu.istomas.org\/en\/wp-json\/wp\/v2\/tags?post=6665"}],"curies":[{"name":"wp","href":"https:\/\/api.w.org\/{rel}","templated":true}]}}

<p>[et_pb_section bb_built=&#8221;1&#8243; admin_label=&#8221;section&#8221;][et_pb_row admin_label=&#8221;row&#8221; make_fullwidth=&#8221;on&#8221; use_custom_width=&#8221;off&#8221; width_unit=&#8221;on&#8221; use_custom_gutter=&#8221;off&#8221; allow_player_pause=&#8221;off&#8221; parallax=&#8221;off&#8221; parallax_method=&#8221;off&#8221; make_equal=&#8221;off&#8221; parallax_1=&#8221;off&#8221; parallax_method_1=&#8221;off&#8221; parallax_2=&#8221;off&#8221; parallax_method_2=&#8221;off&#8221; custom_css_main_1=&#8221;border-right: 1px solid #3c8859;&#8221; parallax_3=&#8221;off&#8221; parallax_method_3=&#8221;off&#8221; padding_right_1=&#8221;30px&#8221; background_position=&#8221;top_left&#8221; background_repeat=&#8221;repeat&#8221; background_size=&#8221;initial&#8221;][et_pb_column type=&#8221;1_4&#8243;][et_pb_image src=&#8221;https://revistaespiritu.istomas.org/wp-content/uploads/2017/12/Indice-150-Espiritu.jpg&#8221; alt=&#8221;Espíritu, issue 138&#8243; title_text=&#8221;Espíritu, issue 138&#8243; show_in_lightbox=&#8221;on&#8221; url_new_window=&#8221;on&#8221; use_overlay=&#8221;on&#8221; animation=&#8221;off&#8221; sticky=&#8221;off&#8221; align=&#8221;center&#8221; force_fullwidth=&#8221;off&#8221; always_center_on_mobile=&#8221;on&#8221; use_border_color=&#8221;off&#8221; border_color=&#8221;#ffffff&#8221; border_style=&#8221;solid&#8221; _builder_version=&#8221;3.0.92&#8243; show_bottom_space=&#8221;on&#8221; /][/et_pb_column][et_pb_column type=&#8221;1_2&#8243;][et_pb_post_title title=&#8221;on&#8221; meta=&#8221;off&#8221; author=&#8221;off&#8221; date=&#8221;off&#8221; categories=&#8221;off&#8221; comments=&#8221;off&#8221; featured_image=&#8221;off&#8221; featured_placement=&#8221;below&#8221; parallax_effect=&#8221;on&#8221; parallax_method=&#8221;on&#8221; text_orientation=&#8221;center&#8221; text_color=&#8221;dark&#8221; text_background=&#8221;off&#8221; text_bg_color=&#8221;rgba(255,255,255,0.9)&#8221; use_border_color=&#8221;off&#8221; border_color=&#8221;#ffffff&#8221; border_style=&#8221;solid&#8221; custom_padding=&#8221;10px||0px|&#8221; title_font_size=&#8221;32px&#8221; parallax=&#8221;on&#8221; /][et_pb_text background_layout=&#8221;light&#8221; text_orientation=&#8221;center&#8221; use_border_color=&#8221;off&#8221; border_color=&#8221;#ffffff&#8221; border_style=&#8221;solid&#8221; custom_padding=&#8221;0px|||&#8221; background_position=&#8221;top_left&#8221; background_repeat=&#8221;repeat&#8221; background_size=&#8221;initial&#8221; module_alignment=&#8221;center&#8221; _builder_version=&#8221;3.0.92&#8243;]</p>
<h4 style="text-align: center;">Year 64 | 2015</h4>
<p>[/et_pb_text][et_pb_divider color=&#8221;#ffffff&#8221; show_divider=&#8221;off&#8221; height=&#8221;5&#8243; divider_style=&#8221;solid&#8221; divider_position=&#8221;top&#8221; hide_on_mobile=&#8221;on&#8221; disabled_on=&#8221;on|on|off&#8221; /][et_pb_text background_layout=&#8221;light&#8221; use_border_color=&#8221;off&#8221; background_position=&#8221;top_left&#8221; background_repeat=&#8221;repeat&#8221; background_size=&#8221;initial&#8221; _builder_version=&#8221;3.0.92&#8243; custom_margin=&#8221;||0px|&#8221;]</p>
<h4 style="text-align: left;"><span style="color: #3c8859;">Articles</span></h4>
<p>[/et_pb_text][et_pb_divider color=&#8221;#3c8859&#8243; show_divider=&#8221;on&#8221; height=&#8221;5&#8243; divider_style=&#8221;solid&#8221; divider_position=&#8221;top&#8221; hide_on_mobile=&#8221;on&#8221; disabled_on=&#8221;on|on|off&#8221; /][et_pb_text background_layout=&#8221;light&#8221; use_border_color=&#8221;off&#8221; _builder_version=&#8221;3.0.92&#8243;]</p>
<h5 style="text-align: left;"><a href="https://revistaespiritu.istomas.org/en/augustine-of-hippos-hermeneutical-assumptions-to-uncover-the-word-and-to-transmit-its-sense/">Augustine of Hippo’s Hermeneutical Assumptions: To Uncover the Word and to Transmit its Sense</a></h5>
<p style="text-align: left;">Claudio Calabrese</p>
<h5 style="text-align: left;"><a href="https://revistaespiritu.istomas.org/en/the-being-in-karl-rahners-metaphysica-cognitionis/">The Being in Karl Rahner’s Metaphysica Cognitionis</a></h5>
<p style="text-align: left;">Jaime Mercant Simó</p>
<h5 style="text-align: left;"><span class="subtitulo"><span class="titulo"><a href="https://revistaespiritu.istomas.org/en/the-intellectual-cognition-of-material-individual-in-the-thomistic-school-of-thought/">The Intellectual Cognition of Material Individual in the Thomistic School of Thought</a></span></span></h5>
<p style="text-align: left;">Martín Federico Echavarría</p>
<h5 style="text-align: left;"><span class="titulo"><a href="https://revistaespiritu.istomas.org/en/the-rational-credibility-of-a-literal-adam-and-eve/">The Rational Credibility of a Literal Adam and Eve</a></span></h5>
<p style="text-align: left;">Dennis Bonnette</p>
<h5 class="titulo"><span class="titulo"><a href="https://revistaespiritu.istomas.org/en/manuducere-and-confortare-teachers-actions-that-cause-science-in-the-students-intellect-aaccording-to-thomas-aquinas/">Manuducere and Confortare: Teacher’s Actions that Cause Science in the Student’s Intellect Aaccording to Thomas Aquinas</a></span></h5>
<p style="text-align: left;">Mariano Bártoli</p>
<h5 style="text-align: left;"><a href="https://revistaespiritu.istomas.org/en/animal-intelligence-and-vis-aestimativa-in-avicenna-and-thomas-aquinas/">Animal Intelligence and Vis Aestimativa in Avicenna and Thomas Aquinas</a></h5>
<p style="text-align: left;">Joan D.A. Juanola</p>
<h5><span class="titulo"><a href="https://revistaespiritu.istomas.org/en/elements-of-the-gnostic-ebionite-synthesis-in-saint-simons-philosophy-of-history/">Elements of the gnostic-ebionite synthesis in Saint-Simon’s philosophy of history</a></span></h5>
<p>Stefano Abbate</p>
<p>[/et_pb_text][et_pb_divider color=&#8221;#ffffff&#8221; show_divider=&#8221;off&#8221; height=&#8221;10&#8243; divider_style=&#8221;solid&#8221; divider_position=&#8221;top&#8221; hide_on_mobile=&#8221;on&#8221; disabled_on=&#8221;on|on|off&#8221; /][et_pb_text background_layout=&#8221;light&#8221; use_border_color=&#8221;off&#8221; background_position=&#8221;top_left&#8221; background_repeat=&#8221;repeat&#8221; background_size=&#8221;initial&#8221; _builder_version=&#8221;3.0.92&#8243; custom_margin=&#8221;||0px|&#8221;]</p>
<h4 style="text-align: left;"><span style="color: #3c8859;">Notes y documents</span></h4>
<p>[/et_pb_text][et_pb_divider color=&#8221;#3c8859&#8243; show_divider=&#8221;on&#8221; height=&#8221;5&#8243; divider_style=&#8221;solid&#8221; divider_position=&#8221;top&#8221; hide_on_mobile=&#8221;on&#8221; disabled_on=&#8221;on|on|off&#8221; /][et_pb_text background_layout=&#8221;light&#8221; use_border_color=&#8221;off&#8221; _builder_version=&#8221;3.0.92&#8243;]</p>
<h5 class="titulo"><a href="/?p=1088"><span class="titulo">Politics</span><span class="separador">: </span><span class="subtitulo">theory and praxis</span></a></h5>
<p>José María Alsina Roca</p>
<h5><span class="titulo"><a href="/?p=1090">De unione corporis et spiritus</a></span></h5>
<p>Juan Martínez Porcell</p>
<p>[/et_pb_text][et_pb_text background_layout=&#8221;light&#8221; text_orientation=&#8221;left&#8221; use_border_color=&#8221;off&#8221; border_color=&#8221;#ffffff&#8221; border_style=&#8221;solid&#8221; background_position=&#8221;top_left&#8221; background_repeat=&#8221;repeat&#8221; background_size=&#8221;initial&#8221;]</p>
<p>[yuzo_related]</p>
<p>[/et_pb_text][/et_pb_column][et_pb_column type=&#8221;1_4&#8243;][et_pb_sidebar orientation=&#8221;right&#8221; area=&#8221;sidebar-1&#8243; background_layout=&#8221;light&#8221; remove_border=&#8221;off&#8221; header_font_size=&#8221;16&#8243; show_border=&#8221;on&#8221; /][/et_pb_column][/et_pb_row][/et_pb_section]</p>

<p>Year 64 | 2015 Articles Augustine of Hippo’s Hermeneutical Assumptions: To Uncover the Word and to Transmit its Sense Claudio Calabrese The Being in Karl Rahner’s Metaphysica Cognitionis Jaime Mercant Simó The Intellectual Cognition of Material Individual in the Thomistic School of Thought Martín Federico Echavarría The Rational Credibility of a Literal Adam and Eve [&hellip;]</p>
