{"id":2925,"date":"2018-02-05T09:28:17","date_gmt":"2018-02-05T09:28:17","guid":{"rendered":"https:\/\/revistaespiritu.istomas.org\/?page_id=2925"},"modified":"2018-02-05T10:00:29","modified_gmt":"2018-02-05T10:00:29","slug":"espiritu-112","status":"publish","type":"page","link":"https:\/\/revistaespiritu.istomas.org\/en\/espiritu-112\/","title":{"rendered":"N\u00famero 112"},"content":{"rendered":"<p>[et_pb_section bb_built=&#8221;1&#8243; admin_label=&#8221;section&#8221;][et_pb_row admin_label=&#8221;row&#8221; make_fullwidth=&#8221;on&#8221; use_custom_width=&#8221;off&#8221; width_unit=&#8221;on&#8221; use_custom_gutter=&#8221;off&#8221; allow_player_pause=&#8221;off&#8221; parallax=&#8221;off&#8221; parallax_method=&#8221;off&#8221; make_equal=&#8221;off&#8221; parallax_1=&#8221;off&#8221; parallax_method_1=&#8221;off&#8221; parallax_2=&#8221;off&#8221; parallax_method_2=&#8221;off&#8221; custom_css_main_1=&#8221;border-right: 1px solid #3c8859;&#8221; parallax_3=&#8221;off&#8221; parallax_method_3=&#8221;off&#8221; padding_right_1=&#8221;30px&#8221; background_position=&#8221;top_left&#8221; background_repeat=&#8221;repeat&#8221; background_size=&#8221;initial&#8221;][et_pb_column type=&#8221;1_4&#8243;][et_pb_image src=&#8221;https:\/\/revistaespiritu.istomas.org\/wp-content\/uploads\/2018\/02\/Nu\u0301mero-112.jpg&#8221; alt=&#8221;Revista Esp\u00edritu, n\u00famero 138&#8243; title_text=&#8221;Revista Esp\u00edritu, n\u00famero 138&#8243; show_in_lightbox=&#8221;on&#8221; url_new_window=&#8221;on&#8221; use_overlay=&#8221;on&#8221; animation=&#8221;off&#8221; sticky=&#8221;off&#8221; align=&#8221;center&#8221; force_fullwidth=&#8221;off&#8221; always_center_on_mobile=&#8221;on&#8221; use_border_color=&#8221;off&#8221; border_color=&#8221;#ffffff&#8221; border_style=&#8221;solid&#8221; _builder_version=&#8221;3.0.100&#8243; show_bottom_space=&#8221;on&#8221; \/][\/et_pb_column][et_pb_column type=&#8221;1_2&#8243;][et_pb_post_title title=&#8221;on&#8221; meta=&#8221;off&#8221; author=&#8221;off&#8221; date=&#8221;off&#8221; categories=&#8221;off&#8221; comments=&#8221;off&#8221; featured_image=&#8221;off&#8221; featured_placement=&#8221;below&#8221; parallax_effect=&#8221;on&#8221; parallax_method=&#8221;on&#8221; text_orientation=&#8221;center&#8221; text_color=&#8221;dark&#8221; text_background=&#8221;off&#8221; text_bg_color=&#8221;rgba(255,255,255,0.9)&#8221; use_border_color=&#8221;off&#8221; border_color=&#8221;#ffffff&#8221; border_style=&#8221;solid&#8221; custom_padding=&#8221;10px||0px|&#8221; title_font_size=&#8221;32px&#8221; parallax=&#8221;on&#8221; \/][et_pb_text background_layout=&#8221;light&#8221; text_orientation=&#8221;center&#8221; use_border_color=&#8221;off&#8221; border_color=&#8221;#ffffff&#8221; border_style=&#8221;solid&#8221; custom_padding=&#8221;0px|||&#8221; background_position=&#8221;top_left&#8221; background_repeat=&#8221;repeat&#8221; background_size=&#8221;initial&#8221; module_alignment=&#8221;center&#8221; _builder_version=&#8221;3.0.100&#8243;]<\/p>\n<h4 style=\"text-align: center;\">A\u00f1o 44 | 1995<\/h4>\n<p>[\/et_pb_text][et_pb_divider color=&#8221;#ffffff&#8221; show_divider=&#8221;off&#8221; height=&#8221;5&#8243; divider_style=&#8221;solid&#8221; divider_position=&#8221;top&#8221; hide_on_mobile=&#8221;on&#8221; disabled_on=&#8221;on|on|off&#8221; \/][et_pb_text background_layout=&#8221;light&#8221; use_border_color=&#8221;off&#8221; background_position=&#8221;top_left&#8221; background_repeat=&#8221;repeat&#8221; background_size=&#8221;initial&#8221; _builder_version=&#8221;3.0.92&#8243; custom_margin=&#8221;||0px|&#8221;]<\/p>\n<h4 style=\"text-align: left;\"><span style=\"color: #3c8859;\">Art\u00edculos<\/span><\/h4>\n<p>[\/et_pb_text][et_pb_divider color=&#8221;#3c8859&#8243; show_divider=&#8221;on&#8221; height=&#8221;5&#8243; divider_style=&#8221;solid&#8221; divider_position=&#8221;top&#8221; hide_on_mobile=&#8221;on&#8221; disabled_on=&#8221;on|on|off&#8221; \/][et_pb_text background_layout=&#8221;light&#8221; use_border_color=&#8221;off&#8221; _builder_version=&#8221;3.0.100&#8243;]<\/p>\n<h5 style=\"text-align: left;\"><a href=\"https:\/\/revistaespiritu.istomas.org\/el-hombre-como-persona-en-el-cuerpo-que-significa-ser-una-persona\/\">El hombre como persona en el cuerpo. Qu\u00e9 significa ser una persona<\/a><\/h5>\n<p style=\"text-align: left;\">Josef Seifert<\/p>\n<h5 style=\"text-align: left;\"><a href=\"https:\/\/revistaespiritu.istomas.org\/sobre-el-alma-racional-en-el-embrion-humano-segun-aristoteles-alberto-magno-y-tomas-de-aquino\/\">Sobre el alma racional en el embri\u00f3n humano seg\u00fan Arist\u00f3teles, Alberto Magno y Tom\u00e1s de Aquino<\/a><\/h5>\n<p style=\"text-align: left;\">Horst Seidl<\/p>\n<h5 style=\"text-align: left;\"><a href=\"https:\/\/revistaespiritu.istomas.org\/francisco-suarez-teologo-y-filosofo-del-humanismo-renacentista-ii-parte-el-punto-de-partida-naturaleza-y-gracia-en-la-polemica-de-auxilis-ii\/\"><span class=\"subtitulo\">Francisco Su\u00e1rez: Te\u00f3logo y Fil\u00f3sofo del humanismo renacentista. II Parte: El punto de partida: naturaleza y gracia en la pol\u00e9mica &#8220;De Auxilis&#8221; (II)<\/span><\/a><\/h5>\n<p style=\"text-align: left;\">Santiago Fern\u00e1ndez Burillo<\/p>\n<h5 style=\"text-align: left;\"><span class=\"titulo\"><a href=\"https:\/\/revistaespiritu.istomas.org\/familia-educacion-y-libertad\/\">Familia, educaci\u00f3n y libertad<\/a><\/span><\/h5>\n<p style=\"text-align: left;\">Eudaldo Forment Giralt<\/p>\n<h5 style=\"text-align: left;\"><a href=\"https:\/\/revistaespiritu.istomas.org\/la-libertad-agustiniana-en-kierkgaard-y-en-dostoyevsky\/\">La libertad agustiniana, en Kierkgaard y en Dostoyevsky<\/a><\/h5>\n<p style=\"text-align: left;\">Joan Pegueroles<\/p>\n<p>[\/et_pb_text][et_pb_divider color=&#8221;#ffffff&#8221; show_divider=&#8221;off&#8221; height=&#8221;10&#8243; divider_style=&#8221;solid&#8221; divider_position=&#8221;top&#8221; hide_on_mobile=&#8221;on&#8221; disabled_on=&#8221;on|on|off&#8221; \/][et_pb_text background_layout=&#8221;light&#8221; use_border_color=&#8221;off&#8221; background_position=&#8221;top_left&#8221; background_repeat=&#8221;repeat&#8221; background_size=&#8221;initial&#8221; _builder_version=&#8221;3.0.92&#8243; custom_margin=&#8221;||0px|&#8221;]<\/p>\n<h4 style=\"text-align: left;\"><span style=\"color: #3c8859;\">Notas y documentos<\/span><\/h4>\n<p>[\/et_pb_text][et_pb_divider color=&#8221;#3c8859&#8243; show_divider=&#8221;on&#8221; height=&#8221;5&#8243; divider_style=&#8221;solid&#8221; divider_position=&#8221;top&#8221; hide_on_mobile=&#8221;on&#8221; disabled_on=&#8221;on|on|off&#8221; \/][et_pb_text background_layout=&#8221;light&#8221; use_border_color=&#8221;off&#8221; _builder_version=&#8221;3.0.100&#8243;]<\/p>\n<h5 style=\"text-align: left;\"><a href=\"https:\/\/revistaespiritu.istomas.org\/gracia-y-salvacion-homenaje-a-bartolome-maria-xiberta-o-c\/\">Gracia y salvaci\u00f3n. Homenaje a Bartolom\u00e9 Mar\u00eda Xiberta, O.C.<\/a><\/h5>\n<p>Francisco Canals Vidal<\/p>\n<h5><a href=\"https:\/\/revistaespiritu.istomas.org\/la-verdad-hermeneutica-en-cuatro-palabras\/\">La verdad hermen\u00e9utica en cuatro palabras<\/a><\/h5>\n<p>Joan Pegueroles<\/p>\n<h5><a href=\"https:\/\/revistaespiritu.istomas.org\/metafisica-de-la-persona-y-analisis-existencial\/\">Metaf\u00edsica de la persona y an\u00e1lisis existencial<\/a><\/h5>\n<p>Juan Mart\u00ednez Porcell<\/p>\n<h5><a href=\"https:\/\/revistaespiritu.istomas.org\/los-ultimos-pensamientos-del-doctor-sanvicens\/\">Los \u00faltimos pensamientos del doctor Sanvicens<\/a><\/h5>\n<p>Alejandro Sanvisens Marfull<\/p>\n<h5><a href=\"https:\/\/revistaespiritu.istomas.org\/reid-priestley-i-hamilton-tipus-antitipus-i-sintesi-de-la-filosofia-escocesa-del-sentit-comu-ii\/\">Reid, Priestley i Hamilton, tipus, antitipus i s\u00edntesi de la filosofia escocesa del sentit com\u00fa (II)<\/a><\/h5>\n<p>Oriol Colomer i Carles<\/p>\n<p>[\/et_pb_text][et_pb_text background_layout=&#8221;light&#8221; text_orientation=&#8221;left&#8221; use_border_color=&#8221;off&#8221; border_color=&#8221;#ffffff&#8221; border_style=&#8221;solid&#8221; background_position=&#8221;top_left&#8221; background_repeat=&#8221;repeat&#8221; background_size=&#8221;initial&#8221;]<\/p>\n<p>[yuzo_related]<\/p>\n<p>[\/et_pb_text][\/et_pb_column][et_pb_column type=&#8221;1_4&#8243;][et_pb_sidebar orientation=&#8221;right&#8221; area=&#8221;sidebar-1&#8243; background_layout=&#8221;light&#8221; remove_border=&#8221;off&#8221; header_font_size=&#8221;16&#8243; show_border=&#8221;on&#8221; \/][\/et_pb_column][\/et_pb_row][\/et_pb_section]<\/p>\n","protected":false},"excerpt":{"rendered":"<p>A\u00f1o 44 | 1995 Art\u00edculos El hombre como persona en el cuerpo. Qu\u00e9 significa ser una persona Josef Seifert Sobre el alma racional en el embri\u00f3n humano seg\u00fan Arist\u00f3teles, Alberto Magno y Tom\u00e1s de Aquino Horst Seidl Francisco Su\u00e1rez: Te\u00f3logo y Fil\u00f3sofo del humanismo renacentista. II Parte: El punto de partida: naturaleza y gracia en [&hellip;]<\/p>\n","protected":false},"author":1,"featured_media":2936,"parent":0,"menu_order":0,"comment_status":"closed","ping_status":"closed","template":"","meta":{"_et_pb_use_builder":"on","_et_pb_old_content":"","_et_gb_content_width":"","footnotes":""},"categories":[367],"tags":[],"class_list":["post-2925","page","type-page","status-publish","has-post-thumbnail","hentry","category-112-1995"],"_links":{"self":[{"href":"https:\/\/revistaespiritu.istomas.org\/en\/wp-json\/wp\/v2\/pages\/2925","targetHints":{"allow":["GET"]}}],"collection":[{"href":"https:\/\/revistaespiritu.istomas.org\/en\/wp-json\/wp\/v2\/pages"}],"about":[{"href":"https:\/\/revistaespiritu.istomas.org\/en\/wp-json\/wp\/v2\/types\/page"}],"author":[{"embeddable":true,"href":"https:\/\/revistaespiritu.istomas.org\/en\/wp-json\/wp\/v2\/users\/1"}],"replies":[{"embeddable":true,"href":"https:\/\/revistaespiritu.istomas.org\/en\/wp-json\/wp\/v2\/comments?post=2925"}],"version-history":[{"count":0,"href":"https:\/\/revistaespiritu.istomas.org\/en\/wp-json\/wp\/v2\/pages\/2925\/revisions"}],"wp:featuredmedia":[{"embeddable":true,"href":"https:\/\/revistaespiritu.istomas.org\/en\/wp-json\/wp\/v2\/media\/2936"}],"wp:attachment":[{"href":"https:\/\/revistaespiritu.istomas.org\/en\/wp-json\/wp\/v2\/media?parent=2925"}],"wp:term":[{"taxonomy":"category","embeddable":true,"href":"https:\/\/revistaespiritu.istomas.org\/en\/wp-json\/wp\/v2\/categories?post=2925"},{"taxonomy":"post_tag","embeddable":true,"href":"https:\/\/revistaespiritu.istomas.org\/en\/wp-json\/wp\/v2\/tags?post=2925"}],"curies":[{"name":"wp","href":"https:\/\/api.w.org\/{rel}","templated":true}]}}

Número 112

<p>[et_pb_section bb_built=&#8221;1&#8243; admin_label=&#8221;section&#8221;][et_pb_row admin_label=&#8221;row&#8221; make_fullwidth=&#8221;on&#8221; use_custom_width=&#8221;off&#8221; width_unit=&#8221;on&#8221; use_custom_gutter=&#8221;off&#8221; allow_player_pause=&#8221;off&#8221; parallax=&#8221;off&#8221; parallax_method=&#8221;off&#8221; make_equal=&#8221;off&#8221; parallax_1=&#8221;off&#8221; parallax_method_1=&#8221;off&#8221; parallax_2=&#8221;off&#8221; parallax_method_2=&#8221;off&#8221; custom_css_main_1=&#8221;border-right: 1px solid #3c8859;&#8221; parallax_3=&#8221;off&#8221; parallax_method_3=&#8221;off&#8221; padding_right_1=&#8221;30px&#8221; background_position=&#8221;top_left&#8221; background_repeat=&#8221;repeat&#8221; background_size=&#8221;initial&#8221;][et_pb_column type=&#8221;1_4&#8243;][et_pb_image src=&#8221;https://revistaespiritu.istomas.org/wp-content/uploads/2018/02/Número-112.jpg&#8221; alt=&#8221;Revista Espíritu, número 138&#8243; title_text=&#8221;Revista Espíritu, número 138&#8243; show_in_lightbox=&#8221;on&#8221; url_new_window=&#8221;on&#8221; use_overlay=&#8221;on&#8221; animation=&#8221;off&#8221; sticky=&#8221;off&#8221; align=&#8221;center&#8221; force_fullwidth=&#8221;off&#8221; always_center_on_mobile=&#8221;on&#8221; use_border_color=&#8221;off&#8221; border_color=&#8221;#ffffff&#8221; border_style=&#8221;solid&#8221; _builder_version=&#8221;3.0.100&#8243; show_bottom_space=&#8221;on&#8221; /][/et_pb_column][et_pb_column type=&#8221;1_2&#8243;][et_pb_post_title title=&#8221;on&#8221; meta=&#8221;off&#8221; author=&#8221;off&#8221; date=&#8221;off&#8221; categories=&#8221;off&#8221; comments=&#8221;off&#8221; featured_image=&#8221;off&#8221; featured_placement=&#8221;below&#8221; parallax_effect=&#8221;on&#8221; parallax_method=&#8221;on&#8221; text_orientation=&#8221;center&#8221; text_color=&#8221;dark&#8221; text_background=&#8221;off&#8221; text_bg_color=&#8221;rgba(255,255,255,0.9)&#8221; use_border_color=&#8221;off&#8221; border_color=&#8221;#ffffff&#8221; border_style=&#8221;solid&#8221; custom_padding=&#8221;10px||0px|&#8221; title_font_size=&#8221;32px&#8221; parallax=&#8221;on&#8221; /][et_pb_text background_layout=&#8221;light&#8221; text_orientation=&#8221;center&#8221; use_border_color=&#8221;off&#8221; border_color=&#8221;#ffffff&#8221; border_style=&#8221;solid&#8221; custom_padding=&#8221;0px|||&#8221; background_position=&#8221;top_left&#8221; background_repeat=&#8221;repeat&#8221; background_size=&#8221;initial&#8221; module_alignment=&#8221;center&#8221; _builder_version=&#8221;3.0.100&#8243;]</p>
<h4 style="text-align: center;">Año 44 | 1995</h4>
<p>[/et_pb_text][et_pb_divider color=&#8221;#ffffff&#8221; show_divider=&#8221;off&#8221; height=&#8221;5&#8243; divider_style=&#8221;solid&#8221; divider_position=&#8221;top&#8221; hide_on_mobile=&#8221;on&#8221; disabled_on=&#8221;on|on|off&#8221; /][et_pb_text background_layout=&#8221;light&#8221; use_border_color=&#8221;off&#8221; background_position=&#8221;top_left&#8221; background_repeat=&#8221;repeat&#8221; background_size=&#8221;initial&#8221; _builder_version=&#8221;3.0.92&#8243; custom_margin=&#8221;||0px|&#8221;]</p>
<h4 style="text-align: left;"><span style="color: #3c8859;">Artículos</span></h4>
<p>[/et_pb_text][et_pb_divider color=&#8221;#3c8859&#8243; show_divider=&#8221;on&#8221; height=&#8221;5&#8243; divider_style=&#8221;solid&#8221; divider_position=&#8221;top&#8221; hide_on_mobile=&#8221;on&#8221; disabled_on=&#8221;on|on|off&#8221; /][et_pb_text background_layout=&#8221;light&#8221; use_border_color=&#8221;off&#8221; _builder_version=&#8221;3.0.100&#8243;]</p>
<h5 style="text-align: left;"><a href="https://revistaespiritu.istomas.org/el-hombre-como-persona-en-el-cuerpo-que-significa-ser-una-persona/">El hombre como persona en el cuerpo. Qué significa ser una persona</a></h5>
<p style="text-align: left;">Josef Seifert</p>
<h5 style="text-align: left;"><a href="https://revistaespiritu.istomas.org/sobre-el-alma-racional-en-el-embrion-humano-segun-aristoteles-alberto-magno-y-tomas-de-aquino/">Sobre el alma racional en el embrión humano según Aristóteles, Alberto Magno y Tomás de Aquino</a></h5>
<p style="text-align: left;">Horst Seidl</p>
<h5 style="text-align: left;"><a href="https://revistaespiritu.istomas.org/francisco-suarez-teologo-y-filosofo-del-humanismo-renacentista-ii-parte-el-punto-de-partida-naturaleza-y-gracia-en-la-polemica-de-auxilis-ii/"><span class="subtitulo">Francisco Suárez: Teólogo y Filósofo del humanismo renacentista. II Parte: El punto de partida: naturaleza y gracia en la polémica &#8220;De Auxilis&#8221; (II)</span></a></h5>
<p style="text-align: left;">Santiago Fernández Burillo</p>
<h5 style="text-align: left;"><span class="titulo"><a href="https://revistaespiritu.istomas.org/familia-educacion-y-libertad/">Familia, educación y libertad</a></span></h5>
<p style="text-align: left;">Eudaldo Forment Giralt</p>
<h5 style="text-align: left;"><a href="https://revistaespiritu.istomas.org/la-libertad-agustiniana-en-kierkgaard-y-en-dostoyevsky/">La libertad agustiniana, en Kierkgaard y en Dostoyevsky</a></h5>
<p style="text-align: left;">Joan Pegueroles</p>
<p>[/et_pb_text][et_pb_divider color=&#8221;#ffffff&#8221; show_divider=&#8221;off&#8221; height=&#8221;10&#8243; divider_style=&#8221;solid&#8221; divider_position=&#8221;top&#8221; hide_on_mobile=&#8221;on&#8221; disabled_on=&#8221;on|on|off&#8221; /][et_pb_text background_layout=&#8221;light&#8221; use_border_color=&#8221;off&#8221; background_position=&#8221;top_left&#8221; background_repeat=&#8221;repeat&#8221; background_size=&#8221;initial&#8221; _builder_version=&#8221;3.0.92&#8243; custom_margin=&#8221;||0px|&#8221;]</p>
<h4 style="text-align: left;"><span style="color: #3c8859;">Notas y documentos</span></h4>
<p>[/et_pb_text][et_pb_divider color=&#8221;#3c8859&#8243; show_divider=&#8221;on&#8221; height=&#8221;5&#8243; divider_style=&#8221;solid&#8221; divider_position=&#8221;top&#8221; hide_on_mobile=&#8221;on&#8221; disabled_on=&#8221;on|on|off&#8221; /][et_pb_text background_layout=&#8221;light&#8221; use_border_color=&#8221;off&#8221; _builder_version=&#8221;3.0.100&#8243;]</p>
<h5 style="text-align: left;"><a href="https://revistaespiritu.istomas.org/gracia-y-salvacion-homenaje-a-bartolome-maria-xiberta-o-c/">Gracia y salvación. Homenaje a Bartolomé María Xiberta, O.C.</a></h5>
<p>Francisco Canals Vidal</p>
<h5><a href="https://revistaespiritu.istomas.org/la-verdad-hermeneutica-en-cuatro-palabras/">La verdad hermenéutica en cuatro palabras</a></h5>
<p>Joan Pegueroles</p>
<h5><a href="https://revistaespiritu.istomas.org/metafisica-de-la-persona-y-analisis-existencial/">Metafísica de la persona y análisis existencial</a></h5>
<p>Juan Martínez Porcell</p>
<h5><a href="https://revistaespiritu.istomas.org/los-ultimos-pensamientos-del-doctor-sanvicens/">Los últimos pensamientos del doctor Sanvicens</a></h5>
<p>Alejandro Sanvisens Marfull</p>
<h5><a href="https://revistaespiritu.istomas.org/reid-priestley-i-hamilton-tipus-antitipus-i-sintesi-de-la-filosofia-escocesa-del-sentit-comu-ii/">Reid, Priestley i Hamilton, tipus, antitipus i síntesi de la filosofia escocesa del sentit comú (II)</a></h5>
<p>Oriol Colomer i Carles</p>
<p>[/et_pb_text][et_pb_text background_layout=&#8221;light&#8221; text_orientation=&#8221;left&#8221; use_border_color=&#8221;off&#8221; border_color=&#8221;#ffffff&#8221; border_style=&#8221;solid&#8221; background_position=&#8221;top_left&#8221; background_repeat=&#8221;repeat&#8221; background_size=&#8221;initial&#8221;]</p>
<p>[yuzo_related]</p>
<p>[/et_pb_text][/et_pb_column][et_pb_column type=&#8221;1_4&#8243;][et_pb_sidebar orientation=&#8221;right&#8221; area=&#8221;sidebar-1&#8243; background_layout=&#8221;light&#8221; remove_border=&#8221;off&#8221; header_font_size=&#8221;16&#8243; show_border=&#8221;on&#8221; /][/et_pb_column][/et_pb_row][/et_pb_section]</p>

<p>Año 44 | 1995 Artículos El hombre como persona en el cuerpo. Qué significa ser una persona Josef Seifert Sobre el alma racional en el embrión humano según Aristóteles, Alberto Magno y Tomás de Aquino Horst Seidl Francisco Suárez: Teólogo y Filósofo del humanismo renacentista. II Parte: El punto de partida: naturaleza y gracia en [&hellip;]</p>
