{"id":10321,"date":"2020-06-15T10:31:10","date_gmt":"2020-06-15T08:31:10","guid":{"rendered":"https:\/\/revistaespiritu.istomas.org\/espiritu-159\/"},"modified":"2021-01-23T14:18:06","modified_gmt":"2021-01-23T12:18:06","slug":"espiritu-159","status":"publish","type":"page","link":"https:\/\/revistaespiritu.istomas.org\/en\/espiritu-159\/","title":{"rendered":"Espiritu 159"},"content":{"rendered":"<p>[et_pb_section fb_built=&#8221;1&#8243; admin_label=&#8221;section&#8221; _builder_version=&#8221;3.22&#8243;][et_pb_row column_structure=&#8221;1_4,1_2,1_4&#8243; admin_label=&#8221;row&#8221; module_class=&#8221; et_pb_row_fullwidth&#8221; _builder_version=&#8221;3.25&#8243; background_size=&#8221;initial&#8221; background_position=&#8221;top_left&#8221; background_repeat=&#8221;repeat&#8221; width=&#8221;94%&#8221; width_tablet=&#8221;80%&#8221; width_phone=&#8221;&#8221; width_last_edited=&#8221;on|desktop&#8221; max_width=&#8221;94%&#8221; max_width_tablet=&#8221;80%&#8221; max_width_phone=&#8221;&#8221; max_width_last_edited=&#8221;on|desktop&#8221; make_fullwidth=&#8221;on&#8221; use_custom_width=&#8221;off&#8221; width_unit=&#8221;on&#8221;][et_pb_column type=&#8221;1_4&#8243; _builder_version=&#8221;3.25&#8243; custom_padding=&#8221;|30px||&#8221; custom_css_main_element=&#8221;border-right: 1px solid #3c8859;&#8221; custom_padding__hover=&#8221;|||&#8221;][et_pb_image src=&#8221;https:\/\/revistaespiritu.istomas.org\/wp-content\/uploads\/2020\/06\/Indice-159.jpg&#8221; alt=&#8221;Index 159&#8243; title_text=&#8221;Index 159&#8243; show_in_lightbox=&#8221;on&#8221; use_overlay=&#8221;on&#8221; align=&#8221;center&#8221; align_tablet=&#8221;center&#8221; align_phone=&#8221;&#8221; align_last_edited=&#8221;on|desktop&#8221; _builder_version=&#8221;4.4.8&#8243; animation=&#8221;off&#8221; sticky=&#8221;off&#8221; use_border_color=&#8221;off&#8221; border_color=&#8221;#ffffff&#8221; border_style=&#8221;solid&#8221; always_center_on_mobile=&#8221;on&#8221;][\/et_pb_image][\/et_pb_column][et_pb_column type=&#8221;1_2&#8243; _builder_version=&#8221;3.25&#8243; custom_padding=&#8221;|||&#8221; custom_padding__hover=&#8221;|||&#8221;][et_pb_post_title meta=&#8221;off&#8221; featured_image=&#8221;off&#8221; _builder_version=&#8221;3.0.87&#8243; title_font_size=&#8221;32px&#8221; parallax=&#8221;on&#8221; text_orientation=&#8221;center&#8221; custom_padding=&#8221;10px||0px|&#8221; use_border_color=&#8221;off&#8221; border_color=&#8221;#ffffff&#8221; border_style=&#8221;solid&#8221; parallax_effect=&#8221;on&#8221;][\/et_pb_post_title][et_pb_text _builder_version=&#8221;4.4.8&#8243; background_size=&#8221;initial&#8221; background_position=&#8221;top_left&#8221; background_repeat=&#8221;repeat&#8221; text_orientation=&#8221;center&#8221; module_alignment=&#8221;center&#8221; custom_padding=&#8221;0px|||&#8221; use_border_color=&#8221;off&#8221; border_color=&#8221;#ffffff&#8221; border_style=&#8221;solid&#8221;]<\/p>\n<h4 style=\"text-align: center;\">Year 69 | 2020<\/h4>\n<p>[\/et_pb_text][et_pb_divider show_divider=&#8221;off&#8221; disabled_on=&#8221;on|on|off&#8221; _builder_version=&#8221;3.23.4&#8243; height=&#8221;5px&#8221; hide_on_mobile=&#8221;on&#8221;][\/et_pb_divider][et_pb_text _builder_version=&#8221;4.4.8&#8243; link_font=&#8221;||||on||||&#8221; background_size=&#8221;initial&#8221; background_position=&#8221;top_left&#8221; background_repeat=&#8221;repeat&#8221; custom_margin=&#8221;||||false|false&#8221; use_border_color=&#8221;off&#8221;]<\/p>\n<h4 style=\"text-align: left;\"><a href=\"https:\/\/revistaespiritu.istomas.org\/wp-content\/uploads\/2020\/06\/Presentacio\u0301n-159.pdf\"><span style=\"color: #3c8859;\">Presentation<\/span><\/a><\/h4>\n<p>[\/et_pb_text][et_pb_text _builder_version=&#8221;4.2.2&#8243; background_size=&#8221;initial&#8221; background_position=&#8221;top_left&#8221; background_repeat=&#8221;repeat&#8221; custom_margin=&#8221;||0px|&#8221; use_border_color=&#8221;off&#8221;]<\/p>\n<h4 style=\"text-align: left;\"><span style=\"color: #3c8859;\">Articles<\/span><\/h4>\n<p>[\/et_pb_text][et_pb_divider disabled_on=&#8221;on|on|off&#8221; _builder_version=&#8221;3.23.4&#8243; height=&#8221;5px&#8221; hide_on_mobile=&#8221;on&#8221;][\/et_pb_divider][et_pb_text _builder_version=&#8221;4.4.8&#8243; width=&#8221;98.3%&#8221; use_border_color=&#8221;off&#8221; border_color=&#8221;#ffffff&#8221; border_style=&#8221;solid&#8221;]<\/p>\n<h5 style=\"text-align: left;\"><a href=\"https:\/\/revistaespiritu.istomas.org\/en\/some-considerations-on-the-dynamism-of-agency-as-the-object-of-the-moral-act\/\">Some considerations on the dynamism of agency as the object of the moral act<\/a><\/h5>\n<p style=\"text-align: left;\">Maria Aracoeli Beroch<\/p>\n<h5 style=\"text-align: left;\"><a href=\"https:\/\/revistaespiritu.istomas.org\/en\/evangelical-law-and-charity-according\/\">Evangelical law and Charity according to saint Thomas Aquinas<\/a><\/h5>\n<p style=\"text-align: left;\">Ignacio M. Manresa Lamarca<\/p>\n<h5 style=\"text-align: left;\"><span class=\"titulo\"><a href=\"https:\/\/revistaespiritu.istomas.org\/en\/ordo-rationis-and-moral-life-an-unsuspected-space-of-practical-rationality-in-thomas-aquinas-thought\/\">Ordo rationis and moral life. An unsuspected space of practical rationality in Thomas Aquinas\u2019 thought<\/a><\/span><\/h5>\n<p style=\"text-align: left;\">Marco Panero, sdb<\/p>\n<h5 style=\"text-align: left;\"><a href=\"https:\/\/revistaespiritu.istomas.org\/en\/personality-and-moral-evil-the-connection-of-vices\/\">Personality and moral evil. The connection of vices<\/a><\/h5>\n<p style=\"text-align: left;\">Mart\u00edn F. Echavarr\u00eda<\/p>\n<h5 style=\"text-align: left;\"><a href=\"https:\/\/revistaespiritu.istomas.org\/en\/the-metaphysical-foundations-of-freedom-of-the-spirit-according-to-karl-rahner\/\">The underlying assumptions of Germain Grisez\u2019s critique of the perverted faculty argument<\/a><\/h5>\n<p style=\"text-align: left;\">Carlos A. Casanova<\/p>\n<h5 style=\"text-align: left;\"><a href=\"https:\/\/revistaespiritu.istomas.org\/en\/what-is-living-aristotle-and-the-metaphysical-problem-of-biological-processes\/\">On the place of friendship in moral life<\/a><\/h5>\n<p style=\"text-align: left;\">Antonio Prevosti Moncl\u00fas<\/p>\n<h5 style=\"text-align: left;\"><a href=\"https:\/\/revistaespiritu.istomas.org\/en\/wisdom-and-prudence-relationships-and-precedence\/\">Wisdom and prudence. Relationships and precedence<\/a><\/h5>\n<p style=\"text-align: left;\">Margarita Mauri<\/p>\n<h5 style=\"text-align: left;\"><a href=\"https:\/\/revistaespiritu.istomas.org\/en\/destruction-and-wreckage-the-survival-of-ethicity\/\">Destruction and wreckage. The survival of ethicity<\/a><\/h5>\n<p style=\"text-align: left;\">Jos\u00e9 J. Escandell<\/p>\n<p>[\/et_pb_text][et_pb_divider show_divider=&#8221;off&#8221; disabled_on=&#8221;on|on|off&#8221; _builder_version=&#8221;3.23.4&#8243; height=&#8221;10px&#8221; hide_on_mobile=&#8221;on&#8221;][\/et_pb_divider][et_pb_text _builder_version=&#8221;4.4.8&#8243; background_size=&#8221;initial&#8221; background_position=&#8221;top_left&#8221; background_repeat=&#8221;repeat&#8221; custom_margin=&#8221;||0px|&#8221; use_border_color=&#8221;off&#8221;]<\/p>\n<h4 style=\"text-align: left;\"><span style=\"color: #3c8859;\">Notes and documents<\/span><\/h4>\n<p>[\/et_pb_text][et_pb_divider disabled_on=&#8221;on|on|off&#8221; _builder_version=&#8221;3.23.4&#8243; height=&#8221;5px&#8221; hide_on_mobile=&#8221;on&#8221;][\/et_pb_divider][et_pb_text _builder_version=&#8221;4.4.8&#8243; use_border_color=&#8221;off&#8221; border_color=&#8221;#ffffff&#8221; border_style=&#8221;solid&#8221;]<\/p>\n<h5 style=\"text-align: left;\"><span class=\"titulo\"><a href=\"https:\/\/revistaespiritu.istomas.org\/en\/humanae-vitae-50-years-later\/\">Humanae Vitae: 50 a\u00f1os despu\u00e9s<\/a><\/span><\/h5>\n<p>Mons. Juan Antonio Reig Pla<\/p>\n<h5><a href=\"https:\/\/revistaespiritu.istomas.org\/en\/do-parents-have-the-priority-right-to-choose-their-childrens-education\/\">\u00bfTienen los padres el derecho prioritario a elegir la educaci\u00f3n<br \/>de los hijos?<\/a><\/h5>\n<p>Enrique Mart\u00ednez<\/p>\n<p>[\/et_pb_text][et_pb_text _builder_version=&#8221;4.2.2&#8243; background_size=&#8221;initial&#8221; background_position=&#8221;top_left&#8221; background_repeat=&#8221;repeat&#8221; custom_margin=&#8221;||0px|&#8221; use_border_color=&#8221;off&#8221;]<\/p>\n<h4 style=\"text-align: left;\"><span style=\"color: #3c8859;\">Reviews<\/span><\/h4>\n<p>[\/et_pb_text][et_pb_divider disabled_on=&#8221;on|on|off&#8221; _builder_version=&#8221;3.23.4&#8243; height=&#8221;5px&#8221; hide_on_mobile=&#8221;on&#8221;][\/et_pb_divider][et_pb_text _builder_version=&#8221;4.4.8&#8243; use_border_color=&#8221;off&#8221; border_color=&#8221;#ffffff&#8221; border_style=&#8221;solid&#8221;]<\/p>\n<h5 style=\"text-align: left;\"><a href=\"https:\/\/revistaespiritu.istomas.org\/en\/emmanuel-perrier-de-lecoute-a-la-parole-la-lectura-biblique-dans-la-doctrine-sacree-selon-thomas-daquin\/\"><span class=\"titulo\">ST\u00c9PHANE LOISEAU, <em>L\u2019attrait divin. La doctrine de l\u2019op\u00e9ration et le gouvernement des cr\u00e9atures chez Thomas d\u2019Aquin<\/em><\/span><\/a><\/h5>\n<p>Lucas Pablo Prieto<\/p>\n<h5><a href=\"https:\/\/revistaespiritu.istomas.org\/en\/sergio-raul-castano-hermann-heller-and-the-value-of-political-life\/\"><span class=\"titulo\">SERGIO RA\u00daL CASTA\u00d1O, <em>Hermann Heller y el valor de la vida pol\u00edtica<\/em><\/span><\/a><\/h5>\n<p>Dra. Yamila Eliana Juri<\/p>\n<h5><a href=\"https:\/\/revistaespiritu.istomas.org\/en\/rudi-te-velde-aquinas-on-god-the-divine-science-of-the-summa-theologiae\/\">RUDI TE VELDE, <em>Aquinas on God. The \u201cDivine Science\u201d of the Summa Theologiae<\/em><\/a><\/h5>\n<p>Lucas Pablo Prieto<\/p>\n<h5><a href=\"https:\/\/revistaespiritu.istomas.org\/en\/valenti-feixas-sibila-life-pedagogical-thinking-and-educational-action-of-pau-lopez-castellote-1929-1994\/\">VALENT\u00cd FEIXAS SIBILA, <em>Vida, pensament pedag\u00f2gic i acci\u00f3 educativa de Pau L\u00f3pez Castellote (1929-1994)<\/em><\/a><\/h5>\n<p>C. Vilanou Torrano<\/p>\n<p>[\/et_pb_text][\/et_pb_column][et_pb_column type=&#8221;1_4&#8243; _builder_version=&#8221;3.25&#8243; custom_padding=&#8221;|||&#8221; custom_padding__hover=&#8221;|||&#8221;][et_pb_sidebar orientation=&#8221;right&#8221; area=&#8221;sidebar-1&#8243; _builder_version=&#8221;3.0.74&#8243; header_font_size=&#8221;16&#8243; remove_border=&#8221;off&#8221;][\/et_pb_sidebar][\/et_pb_column][\/et_pb_row][\/et_pb_section]<\/p>\n","protected":false},"excerpt":{"rendered":"<p>Year 69 | 2020PresentationArticlesSome considerations on the dynamism of agency as the object of the moral act Maria Aracoeli Beroch Evangelical law and Charity according to saint Thomas Aquinas Ignacio M. Manresa Lamarca Ordo rationis and moral life. An unsuspected space of practical rationality in Thomas Aquinas\u2019 thought Marco Panero, sdb Personality and moral evil. [&hellip;]<\/p>\n","protected":false},"author":1,"featured_media":0,"parent":0,"menu_order":0,"comment_status":"closed","ping_status":"closed","template":"","meta":{"_et_pb_use_builder":"on","_et_pb_old_content":"","_et_gb_content_width":"","footnotes":""},"categories":[1333],"tags":[],"class_list":["post-10321","page","type-page","status-publish","hentry","category-159-2020-en"],"_links":{"self":[{"href":"https:\/\/revistaespiritu.istomas.org\/en\/wp-json\/wp\/v2\/pages\/10321","targetHints":{"allow":["GET"]}}],"collection":[{"href":"https:\/\/revistaespiritu.istomas.org\/en\/wp-json\/wp\/v2\/pages"}],"about":[{"href":"https:\/\/revistaespiritu.istomas.org\/en\/wp-json\/wp\/v2\/types\/page"}],"author":[{"embeddable":true,"href":"https:\/\/revistaespiritu.istomas.org\/en\/wp-json\/wp\/v2\/users\/1"}],"replies":[{"embeddable":true,"href":"https:\/\/revistaespiritu.istomas.org\/en\/wp-json\/wp\/v2\/comments?post=10321"}],"version-history":[{"count":0,"href":"https:\/\/revistaespiritu.istomas.org\/en\/wp-json\/wp\/v2\/pages\/10321\/revisions"}],"wp:attachment":[{"href":"https:\/\/revistaespiritu.istomas.org\/en\/wp-json\/wp\/v2\/media?parent=10321"}],"wp:term":[{"taxonomy":"category","embeddable":true,"href":"https:\/\/revistaespiritu.istomas.org\/en\/wp-json\/wp\/v2\/categories?post=10321"},{"taxonomy":"post_tag","embeddable":true,"href":"https:\/\/revistaespiritu.istomas.org\/en\/wp-json\/wp\/v2\/tags?post=10321"}],"curies":[{"name":"wp","href":"https:\/\/api.w.org\/{rel}","templated":true}]}}

<p>[et_pb_section fb_built=&#8221;1&#8243; admin_label=&#8221;section&#8221; _builder_version=&#8221;3.22&#8243;][et_pb_row column_structure=&#8221;1_4,1_2,1_4&#8243; admin_label=&#8221;row&#8221; module_class=&#8221; et_pb_row_fullwidth&#8221; _builder_version=&#8221;3.25&#8243; background_size=&#8221;initial&#8221; background_position=&#8221;top_left&#8221; background_repeat=&#8221;repeat&#8221; width=&#8221;94%&#8221; width_tablet=&#8221;80%&#8221; width_phone=&#8221;&#8221; width_last_edited=&#8221;on|desktop&#8221; max_width=&#8221;94%&#8221; max_width_tablet=&#8221;80%&#8221; max_width_phone=&#8221;&#8221; max_width_last_edited=&#8221;on|desktop&#8221; make_fullwidth=&#8221;on&#8221; use_custom_width=&#8221;off&#8221; width_unit=&#8221;on&#8221;][et_pb_column type=&#8221;1_4&#8243; _builder_version=&#8221;3.25&#8243; custom_padding=&#8221;|30px||&#8221; custom_css_main_element=&#8221;border-right: 1px solid #3c8859;&#8221; custom_padding__hover=&#8221;|||&#8221;][et_pb_image src=&#8221;https://revistaespiritu.istomas.org/wp-content/uploads/2020/06/Indice-159.jpg&#8221; alt=&#8221;Index 159&#8243; title_text=&#8221;Index 159&#8243; show_in_lightbox=&#8221;on&#8221; use_overlay=&#8221;on&#8221; align=&#8221;center&#8221; align_tablet=&#8221;center&#8221; align_phone=&#8221;&#8221; align_last_edited=&#8221;on|desktop&#8221; _builder_version=&#8221;4.4.8&#8243; animation=&#8221;off&#8221; sticky=&#8221;off&#8221; use_border_color=&#8221;off&#8221; border_color=&#8221;#ffffff&#8221; border_style=&#8221;solid&#8221; always_center_on_mobile=&#8221;on&#8221;][/et_pb_image][/et_pb_column][et_pb_column type=&#8221;1_2&#8243; _builder_version=&#8221;3.25&#8243; custom_padding=&#8221;|||&#8221; custom_padding__hover=&#8221;|||&#8221;][et_pb_post_title meta=&#8221;off&#8221; featured_image=&#8221;off&#8221; _builder_version=&#8221;3.0.87&#8243; title_font_size=&#8221;32px&#8221; parallax=&#8221;on&#8221; text_orientation=&#8221;center&#8221; custom_padding=&#8221;10px||0px|&#8221; use_border_color=&#8221;off&#8221; border_color=&#8221;#ffffff&#8221; border_style=&#8221;solid&#8221; parallax_effect=&#8221;on&#8221;][/et_pb_post_title][et_pb_text _builder_version=&#8221;4.4.8&#8243; background_size=&#8221;initial&#8221; background_position=&#8221;top_left&#8221; background_repeat=&#8221;repeat&#8221; text_orientation=&#8221;center&#8221; module_alignment=&#8221;center&#8221; custom_padding=&#8221;0px|||&#8221; use_border_color=&#8221;off&#8221; border_color=&#8221;#ffffff&#8221; border_style=&#8221;solid&#8221;]</p>
<h4 style="text-align: center;">Year 69 | 2020</h4>
<p>[/et_pb_text][et_pb_divider show_divider=&#8221;off&#8221; disabled_on=&#8221;on|on|off&#8221; _builder_version=&#8221;3.23.4&#8243; height=&#8221;5px&#8221; hide_on_mobile=&#8221;on&#8221;][/et_pb_divider][et_pb_text _builder_version=&#8221;4.4.8&#8243; link_font=&#8221;||||on||||&#8221; background_size=&#8221;initial&#8221; background_position=&#8221;top_left&#8221; background_repeat=&#8221;repeat&#8221; custom_margin=&#8221;||||false|false&#8221; use_border_color=&#8221;off&#8221;]</p>
<h4 style="text-align: left;"><a href="https://revistaespiritu.istomas.org/wp-content/uploads/2020/06/Presentación-159.pdf"><span style="color: #3c8859;">Presentation</span></a></h4>
<p>[/et_pb_text][et_pb_text _builder_version=&#8221;4.2.2&#8243; background_size=&#8221;initial&#8221; background_position=&#8221;top_left&#8221; background_repeat=&#8221;repeat&#8221; custom_margin=&#8221;||0px|&#8221; use_border_color=&#8221;off&#8221;]</p>
<h4 style="text-align: left;"><span style="color: #3c8859;">Articles</span></h4>
<p>[/et_pb_text][et_pb_divider disabled_on=&#8221;on|on|off&#8221; _builder_version=&#8221;3.23.4&#8243; height=&#8221;5px&#8221; hide_on_mobile=&#8221;on&#8221;][/et_pb_divider][et_pb_text _builder_version=&#8221;4.4.8&#8243; width=&#8221;98.3%&#8221; use_border_color=&#8221;off&#8221; border_color=&#8221;#ffffff&#8221; border_style=&#8221;solid&#8221;]</p>
<h5 style="text-align: left;"><a href="https://revistaespiritu.istomas.org/en/some-considerations-on-the-dynamism-of-agency-as-the-object-of-the-moral-act/">Some considerations on the dynamism of agency as the object of the moral act</a></h5>
<p style="text-align: left;">Maria Aracoeli Beroch</p>
<h5 style="text-align: left;"><a href="https://revistaespiritu.istomas.org/en/evangelical-law-and-charity-according/">Evangelical law and Charity according to saint Thomas Aquinas</a></h5>
<p style="text-align: left;">Ignacio M. Manresa Lamarca</p>
<h5 style="text-align: left;"><span class="titulo"><a href="https://revistaespiritu.istomas.org/en/ordo-rationis-and-moral-life-an-unsuspected-space-of-practical-rationality-in-thomas-aquinas-thought/">Ordo rationis and moral life. An unsuspected space of practical rationality in Thomas Aquinas’ thought</a></span></h5>
<p style="text-align: left;">Marco Panero, sdb</p>
<h5 style="text-align: left;"><a href="https://revistaespiritu.istomas.org/en/personality-and-moral-evil-the-connection-of-vices/">Personality and moral evil. The connection of vices</a></h5>
<p style="text-align: left;">Martín F. Echavarría</p>
<h5 style="text-align: left;"><a href="https://revistaespiritu.istomas.org/en/the-metaphysical-foundations-of-freedom-of-the-spirit-according-to-karl-rahner/">The underlying assumptions of Germain Grisez’s critique of the perverted faculty argument</a></h5>
<p style="text-align: left;">Carlos A. Casanova</p>
<h5 style="text-align: left;"><a href="https://revistaespiritu.istomas.org/en/what-is-living-aristotle-and-the-metaphysical-problem-of-biological-processes/">On the place of friendship in moral life</a></h5>
<p style="text-align: left;">Antonio Prevosti Monclús</p>
<h5 style="text-align: left;"><a href="https://revistaespiritu.istomas.org/en/wisdom-and-prudence-relationships-and-precedence/">Wisdom and prudence. Relationships and precedence</a></h5>
<p style="text-align: left;">Margarita Mauri</p>
<h5 style="text-align: left;"><a href="https://revistaespiritu.istomas.org/en/destruction-and-wreckage-the-survival-of-ethicity/">Destruction and wreckage. The survival of ethicity</a></h5>
<p style="text-align: left;">José J. Escandell</p>
<p>[/et_pb_text][et_pb_divider show_divider=&#8221;off&#8221; disabled_on=&#8221;on|on|off&#8221; _builder_version=&#8221;3.23.4&#8243; height=&#8221;10px&#8221; hide_on_mobile=&#8221;on&#8221;][/et_pb_divider][et_pb_text _builder_version=&#8221;4.4.8&#8243; background_size=&#8221;initial&#8221; background_position=&#8221;top_left&#8221; background_repeat=&#8221;repeat&#8221; custom_margin=&#8221;||0px|&#8221; use_border_color=&#8221;off&#8221;]</p>
<h4 style="text-align: left;"><span style="color: #3c8859;">Notes and documents</span></h4>
<p>[/et_pb_text][et_pb_divider disabled_on=&#8221;on|on|off&#8221; _builder_version=&#8221;3.23.4&#8243; height=&#8221;5px&#8221; hide_on_mobile=&#8221;on&#8221;][/et_pb_divider][et_pb_text _builder_version=&#8221;4.4.8&#8243; use_border_color=&#8221;off&#8221; border_color=&#8221;#ffffff&#8221; border_style=&#8221;solid&#8221;]</p>
<h5 style="text-align: left;"><span class="titulo"><a href="https://revistaespiritu.istomas.org/en/humanae-vitae-50-years-later/">Humanae Vitae: 50 años después</a></span></h5>
<p>Mons. Juan Antonio Reig Pla</p>
<h5><a href="https://revistaespiritu.istomas.org/en/do-parents-have-the-priority-right-to-choose-their-childrens-education/">¿Tienen los padres el derecho prioritario a elegir la educación<br />de los hijos?</a></h5>
<p>Enrique Martínez</p>
<p>[/et_pb_text][et_pb_text _builder_version=&#8221;4.2.2&#8243; background_size=&#8221;initial&#8221; background_position=&#8221;top_left&#8221; background_repeat=&#8221;repeat&#8221; custom_margin=&#8221;||0px|&#8221; use_border_color=&#8221;off&#8221;]</p>
<h4 style="text-align: left;"><span style="color: #3c8859;">Reviews</span></h4>
<p>[/et_pb_text][et_pb_divider disabled_on=&#8221;on|on|off&#8221; _builder_version=&#8221;3.23.4&#8243; height=&#8221;5px&#8221; hide_on_mobile=&#8221;on&#8221;][/et_pb_divider][et_pb_text _builder_version=&#8221;4.4.8&#8243; use_border_color=&#8221;off&#8221; border_color=&#8221;#ffffff&#8221; border_style=&#8221;solid&#8221;]</p>
<h5 style="text-align: left;"><a href="https://revistaespiritu.istomas.org/en/emmanuel-perrier-de-lecoute-a-la-parole-la-lectura-biblique-dans-la-doctrine-sacree-selon-thomas-daquin/"><span class="titulo">STÉPHANE LOISEAU, <em>L’attrait divin. La doctrine de l’opération et le gouvernement des créatures chez Thomas d’Aquin</em></span></a></h5>
<p>Lucas Pablo Prieto</p>
<h5><a href="https://revistaespiritu.istomas.org/en/sergio-raul-castano-hermann-heller-and-the-value-of-political-life/"><span class="titulo">SERGIO RAÚL CASTAÑO, <em>Hermann Heller y el valor de la vida política</em></span></a></h5>
<p>Dra. Yamila Eliana Juri</p>
<h5><a href="https://revistaespiritu.istomas.org/en/rudi-te-velde-aquinas-on-god-the-divine-science-of-the-summa-theologiae/">RUDI TE VELDE, <em>Aquinas on God. The “Divine Science” of the Summa Theologiae</em></a></h5>
<p>Lucas Pablo Prieto</p>
<h5><a href="https://revistaespiritu.istomas.org/en/valenti-feixas-sibila-life-pedagogical-thinking-and-educational-action-of-pau-lopez-castellote-1929-1994/">VALENTÍ FEIXAS SIBILA, <em>Vida, pensament pedagògic i acció educativa de Pau López Castellote (1929-1994)</em></a></h5>
<p>C. Vilanou Torrano</p>
<p>[/et_pb_text][/et_pb_column][et_pb_column type=&#8221;1_4&#8243; _builder_version=&#8221;3.25&#8243; custom_padding=&#8221;|||&#8221; custom_padding__hover=&#8221;|||&#8221;][et_pb_sidebar orientation=&#8221;right&#8221; area=&#8221;sidebar-1&#8243; _builder_version=&#8221;3.0.74&#8243; header_font_size=&#8221;16&#8243; remove_border=&#8221;off&#8221;][/et_pb_sidebar][/et_pb_column][/et_pb_row][/et_pb_section]</p>
